CRAN Package Check Results for Package nomogramFormula

Last updated on 2025-02-22 06:51:39 CET.

Flavor Version Tinstall Tcheck Ttotal Status Flags
r-devel-linux-x86_64-debian-clang 1.2.0.0 2.39 26.02 28.41 OK
r-devel-linux-x86_64-debian-gcc 1.2.0.0 1.83 20.50 22.33 OK
r-devel-linux-x86_64-fedora-clang 1.2.0.0 45.52 OK
r-devel-linux-x86_64-fedora-gcc 1.2.0.0 43.14 OK
r-devel-macos-arm64 1.2.0.0 22.00 OK
r-devel-macos-x86_64 1.2.0.0 31.00 OK
r-devel-windows-x86_64 1.2.0.0 5.00 52.00 57.00 OK
r-patched-linux-x86_64 1.2.0.0 2.47 24.59 27.06 NOTE
r-release-linux-x86_64 1.2.0.0 2.23 24.49 26.72 NOTE
r-release-macos-arm64 1.2.0.0 19.00 NOTE
r-release-macos-x86_64 1.2.0.0 24.00 NOTE
r-release-windows-x86_64 1.2.0.0 4.00 48.00 52.00 NOTE
r-oldrel-macos-arm64 1.2.0.0 19.00 NOTE
r-oldrel-macos-x86_64 1.2.0.0 25.00 NOTE
r-oldrel-windows-x86_64 1.2.0.0 5.00 53.00 58.00 NOTE

Check Details

Version: 1.2.0.0
Check: LazyData
Result: NOTE 'LazyData' is specified without a 'data' directory Flavors: r-patched-linux-x86_64, r-release-linux-x86_64, r-release-macos-arm64, r-release-macos-x86_64, r-release-windows-x86_64, r-oldrel-macos-arm64, r-oldrel-macos-x86_64, r-oldrel-windows-x86_64