Last updated on 2025-02-22 06:51:38 CET.
Flavor | Version | Tinstall | Tcheck | Ttotal | Status | Flags |
---|---|---|---|---|---|---|
r-devel-linux-x86_64-debian-clang | 1.3.0 | 12.04 | 342.11 | 354.15 | OK | |
r-devel-linux-x86_64-debian-gcc | 1.4.0 | 7.65 | 320.82 | 328.47 | OK | |
r-devel-linux-x86_64-fedora-clang | 1.4.0 | 618.06 | OK | |||
r-devel-linux-x86_64-fedora-gcc | 1.4.0 | 641.27 | OK | |||
r-devel-macos-arm64 | 1.3.0 | 149.00 | OK | |||
r-devel-macos-x86_64 | 1.4.0 | 272.00 | OK | |||
r-devel-windows-x86_64 | 1.3.0 | 12.00 | 452.00 | 464.00 | OK | |
r-patched-linux-x86_64 | 1.3.0 | 12.49 | 320.35 | 332.84 | NOTE | |
r-release-linux-x86_64 | 1.3.0 | 10.86 | 322.83 | 333.69 | NOTE | |
r-release-macos-arm64 | 1.3.0 | 151.00 | NOTE | |||
r-release-macos-x86_64 | 1.4.0 | 307.00 | NOTE | |||
r-release-windows-x86_64 | 1.3.0 | 13.00 | 399.00 | 412.00 | NOTE | |
r-oldrel-macos-arm64 | 1.3.0 | 153.00 | NOTE | |||
r-oldrel-macos-x86_64 | 1.4.0 | 352.00 | NOTE | |||
r-oldrel-windows-x86_64 | 1.3.0 | 17.00 | 459.00 | 476.00 | NOTE |
Version: 1.3.0
Check: package dependencies
Result: NOTE
Package suggested but not available for checking: ‘rTubeDB’
Flavors: r-patched-linux-x86_64, r-release-linux-x86_64, r-release-macos-arm64, r-release-windows-x86_64, r-oldrel-macos-arm64, r-oldrel-windows-x86_64
Version: 1.3.0
Check: Rd cross-references
Result: NOTE
Package unavailable to check Rd xrefs: ‘rTubeDB’
Flavors: r-patched-linux-x86_64, r-release-linux-x86_64, r-release-macos-arm64, r-release-windows-x86_64, r-oldrel-macos-arm64, r-oldrel-windows-x86_64
Version: 1.4.0
Check: package dependencies
Result: NOTE
Package suggested but not available for checking: ‘rTubeDB’
Flavors: r-release-macos-x86_64, r-oldrel-macos-x86_64
Version: 1.4.0
Check: Rd cross-references
Result: NOTE
Package unavailable to check Rd xrefs: ‘rTubeDB’
Flavors: r-release-macos-x86_64, r-oldrel-macos-x86_64