Last updated on 2025-02-22 06:51:38 CET.
Flavor | Version | Tinstall | Tcheck | Ttotal | Status | Flags |
---|---|---|---|---|---|---|
r-devel-linux-x86_64-debian-clang | 0.4.4 | 7.12 | 50.54 | 57.66 | NOTE | |
r-devel-linux-x86_64-debian-gcc | 0.4.4 | 5.05 | 38.32 | 43.37 | NOTE | |
r-devel-linux-x86_64-fedora-clang | 0.4.4 | 94.87 | OK | |||
r-devel-linux-x86_64-fedora-gcc | 0.4.4 | 90.75 | OK | |||
r-devel-macos-arm64 | 0.4.4 | 42.00 | OK | |||
r-devel-macos-x86_64 | 0.4.4 | 57.00 | OK | |||
r-devel-windows-x86_64 | 0.4.4 | 7.00 | 66.00 | 73.00 | NOTE | |
r-patched-linux-x86_64 | 0.4.4 | 9.64 | 48.13 | 57.77 | OK | |
r-release-linux-x86_64 | 0.4.4 | 6.82 | 48.15 | 54.97 | OK | |
r-release-macos-arm64 | 0.4.4 | 42.00 | OK | |||
r-release-macos-x86_64 | 0.4.4 | 51.00 | OK | |||
r-release-windows-x86_64 | 0.4.4 | 7.00 | 65.00 | 72.00 | OK | |
r-oldrel-macos-arm64 | 0.4.4 | 33.00 | OK | |||
r-oldrel-macos-x86_64 | 0.4.4 | 48.00 | OK | |||
r-oldrel-windows-x86_64 | 0.4.4 | 8.00 | 69.00 | 77.00 | OK |
Version: 0.4.4
Check: Rd cross-references
Result: NOTE
Found the following Rd file(s) with Rd \link{} targets missing package
anchors:
matchedwake.Rd: cem, att, glm.nb
slideWakeMatch.Rd: cem, att, glm.nb
Please provide package anchors for all Rd \link{} targets not in the
package itself and the base packages.
Flavors: r-devel-linux-x86_64-debian-clang, r-devel-linux-x86_64-debian-gcc, r-devel-windows-x86_64