Last updated on 2025-02-22 06:51:38 CET.
Flavor | Version | Tinstall | Tcheck | Ttotal | Status | Flags |
---|---|---|---|---|---|---|
r-devel-linux-x86_64-debian-clang | 2.0.0 | 30.58 | 247.46 | 278.04 | NOTE | |
r-devel-linux-x86_64-debian-gcc | 2.0.0 | 20.01 | 161.79 | 181.80 | NOTE | |
r-devel-linux-x86_64-fedora-clang | 2.0.0 | 443.24 | NOTE | |||
r-devel-linux-x86_64-fedora-gcc | 2.0.0 | 427.95 | NOTE | |||
r-devel-macos-arm64 | 2.0.0 | 109.00 | NOTE | |||
r-devel-macos-x86_64 | 2.0.0 | 260.00 | NOTE | |||
r-devel-windows-x86_64 | 2.0.0 | 40.00 | 329.00 | 369.00 | NOTE | |
r-patched-linux-x86_64 | 2.0.0 | 32.27 | 229.05 | 261.32 | NOTE | |
r-release-linux-x86_64 | 2.0.0 | 25.93 | 226.16 | 252.09 | NOTE | |
r-release-macos-arm64 | 2.0.0 | 111.00 | NOTE | |||
r-release-macos-x86_64 | 2.0.0 | 180.00 | NOTE | |||
r-release-windows-x86_64 | 2.0.0 | 33.00 | 306.00 | 339.00 | NOTE | |
r-oldrel-macos-arm64 | 2.0.0 | 131.00 | OK | |||
r-oldrel-macos-x86_64 | 2.0.0 | 240.00 | OK | |||
r-oldrel-windows-x86_64 | 2.0.0 | 48.00 | 412.00 | 460.00 | OK |
Version: 2.0.0
Check: Rd files
Result: NOTE
checkRd: (-1) CO2data.Rd:14: Lost braces in \itemize; meant \describe ?
checkRd: (-1) CO2data.Rd:15: Lost braces in \itemize; meant \describe ?
checkRd: (-1) CO2data.Rd:16-17: Lost braces in \itemize; meant \describe ?
checkRd: (-1) NOdata.Rd:14: Lost braces in \itemize; meant \describe ?
checkRd: (-1) NOdata.Rd:15: Lost braces in \itemize; meant \describe ?
Flavors: r-devel-linux-x86_64-debian-clang, r-devel-linux-x86_64-debian-gcc, r-devel-linux-x86_64-fedora-clang, r-devel-linux-x86_64-fedora-gcc, r-devel-macos-arm64, r-devel-macos-x86_64, r-devel-windows-x86_64, r-patched-linux-x86_64, r-release-linux-x86_64, r-release-macos-arm64, r-release-macos-x86_64, r-release-windows-x86_64