CRAN Package Check Results for Package missingHE

Last updated on 2025-02-22 06:51:38 CET.

Flavor Version Tinstall Tcheck Ttotal Status Flags
r-devel-linux-x86_64-debian-clang 1.5.0 30.58 556.37 586.95 NOTE
r-devel-linux-x86_64-debian-gcc 1.5.0 17.54 336.83 354.37 NOTE
r-devel-linux-x86_64-fedora-clang 1.5.0 921.14 NOTE
r-devel-linux-x86_64-fedora-gcc 1.5.0 849.28 NOTE
r-devel-macos-arm64 1.5.0 199.00 OK
r-devel-macos-x86_64 1.5.0 452.00 OK
r-devel-windows-x86_64 1.5.0 29.00 469.00 498.00 NOTE
r-patched-linux-x86_64 1.5.0 35.29 541.11 576.40 OK
r-release-linux-x86_64 1.5.0 26.70 544.04 570.74 OK
r-release-macos-arm64 1.5.0 200.00 OK
r-release-macos-x86_64 1.5.0 322.00 OK
r-release-windows-x86_64 1.5.0 30.00 462.00 492.00 OK
r-oldrel-macos-arm64 1.5.0 218.00 OK
r-oldrel-macos-x86_64 1.5.0 379.00 OK
r-oldrel-windows-x86_64 1.5.0 39.00 675.00 714.00 OK

Check Details

Version: 1.5.0
Check: Rd cross-references
Result: NOTE Found the following Rd file(s) with Rd \link{} targets missing package anchors: pic.Rd: loo-package Please provide package anchors for all Rd \link{} targets not in the package itself and the base packages. Flavors: r-devel-linux-x86_64-debian-clang, r-devel-linux-x86_64-debian-gcc, r-devel-windows-x86_64

Version: 1.5.0
Check: dependencies in R code
Result: NOTE Namespace in Imports field not imported from: ‘mcmcr’ All declared Imports should be used. Flavors: r-devel-linux-x86_64-fedora-clang, r-devel-linux-x86_64-fedora-gcc