Last updated on 2025-02-22 06:51:38 CET.
Flavor | Version | Tinstall | Tcheck | Ttotal | Status | Flags |
---|---|---|---|---|---|---|
r-devel-linux-x86_64-debian-clang | 1.0.0 | 5.12 | 45.23 | 50.35 | OK | |
r-devel-linux-x86_64-debian-gcc | 1.0.0 | 3.71 | 33.47 | 37.18 | OK | |
r-devel-linux-x86_64-fedora-clang | 1.0.0 | 86.56 | OK | |||
r-devel-linux-x86_64-fedora-gcc | 1.0.0 | 81.63 | OK | |||
r-devel-macos-arm64 | 1.0.0 | 27.00 | OK | |||
r-devel-macos-x86_64 | 1.0.0 | 43.00 | OK | |||
r-devel-windows-x86_64 | 1.0.0 | 7.00 | 67.00 | 74.00 | OK | |
r-patched-linux-x86_64 | 1.0.0 | 5.61 | 42.83 | 48.44 | OK | |
r-release-linux-x86_64 | 1.0.0 | 4.84 | 42.90 | 47.74 | OK | |
r-release-macos-arm64 | 1.0.0 | 29.00 | NOTE | |||
r-release-macos-x86_64 | 1.0.0 | 38.00 | NOTE | |||
r-release-windows-x86_64 | 1.0.0 | 8.00 | 65.00 | 73.00 | OK | |
r-oldrel-macos-arm64 | 1.0.0 | 31.00 | NOTE | |||
r-oldrel-macos-x86_64 | 1.0.0 | 40.00 | NOTE | |||
r-oldrel-windows-x86_64 | 1.0.0 | 11.00 | 74.00 | 85.00 | OK |
Version: 1.0.0
Check: installed package size
Result: NOTE
installed size is 5.6Mb
sub-directories of 1Mb or more:
data 5.5Mb
Flavors: r-release-macos-arm64, r-release-macos-x86_64, r-oldrel-macos-arm64, r-oldrel-macos-x86_64