CRAN Package Check Results for Package metaheuristicOpt

Last updated on 2025-02-22 06:51:37 CET.

Flavor Version Tinstall Tcheck Ttotal Status Flags
r-devel-linux-x86_64-debian-clang 2.0.0 4.61 50.28 54.89 OK
r-devel-linux-x86_64-debian-gcc 2.0.0 3.08 31.91 34.99 OK
r-devel-linux-x86_64-fedora-clang 2.0.0 91.46 OK
r-devel-linux-x86_64-fedora-gcc 2.0.0 96.58 OK
r-devel-macos-arm64 2.0.0 22.00 OK
r-devel-macos-x86_64 2.0.0 47.00 OK
r-devel-windows-x86_64 2.0.0 6.00 70.00 76.00 OK
r-patched-linux-x86_64 2.0.0 5.84 48.18 54.02 NOTE
r-release-linux-x86_64 2.0.0 3.82 46.41 50.23 NOTE
r-release-macos-arm64 2.0.0 23.00 NOTE
r-release-macos-x86_64 2.0.0 37.00 NOTE
r-release-windows-x86_64 2.0.0 6.00 60.00 66.00 NOTE
r-oldrel-macos-arm64 2.0.0 28.00 NOTE
r-oldrel-macos-x86_64 2.0.0 42.00 NOTE
r-oldrel-windows-x86_64 2.0.0 6.00 76.00 82.00 NOTE

Check Details

Version: 2.0.0
Check: LazyData
Result: NOTE 'LazyData' is specified without a 'data' directory Flavors: r-patched-linux-x86_64, r-release-linux-x86_64, r-release-macos-arm64, r-release-macos-x86_64, r-release-windows-x86_64, r-oldrel-macos-arm64, r-oldrel-macos-x86_64, r-oldrel-windows-x86_64