Last updated on 2025-02-22 06:51:37 CET.
Flavor | Version | Tinstall | Tcheck | Ttotal | Status | Flags |
---|---|---|---|---|---|---|
r-devel-linux-x86_64-debian-clang | 1.0.2 | 12.68 | 120.50 | 133.18 | OK | |
r-devel-linux-x86_64-debian-gcc | 1.0.2 | 8.01 | 76.62 | 84.63 | OK | |
r-devel-linux-x86_64-fedora-clang | 1.0.2 | 219.02 | NOTE | |||
r-devel-linux-x86_64-fedora-gcc | 1.0.2 | 252.30 | NOTE | |||
r-devel-macos-arm64 | 1.0.2 | 77.00 | OK | |||
r-devel-macos-x86_64 | 1.0.2 | 125.00 | OK | |||
r-devel-windows-x86_64 | 1.0.2 | 14.00 | 142.00 | 156.00 | OK | |
r-patched-linux-x86_64 | 1.0.2 | 14.09 | 114.41 | 128.50 | NOTE | |
r-release-linux-x86_64 | 1.0.2 | 11.19 | 112.59 | 123.78 | NOTE | |
r-release-macos-arm64 | 1.0.2 | 222.00 | OK | |||
r-release-macos-x86_64 | 1.0.2 | 272.00 | OK | |||
r-release-windows-x86_64 | 1.0.2 | 13.00 | 145.00 | 158.00 | OK | |
r-oldrel-macos-arm64 | 1.0.2 | 227.00 | OK | |||
r-oldrel-macos-x86_64 | 1.0.2 | 263.00 | OK | |||
r-oldrel-windows-x86_64 | 1.0.2 | 33.00 | 184.00 | 217.00 | OK |
Version: 1.0.2
Check: dependencies in R code
Result: NOTE
Namespace in Imports field not imported from: ‘mvtnorm’
All declared Imports should be used.
Flavors: r-devel-linux-x86_64-fedora-clang, r-devel-linux-x86_64-fedora-gcc
Version: 1.0.2
Check: package dependencies
Result: NOTE
Package suggested but not available for checking: ‘metaumbrella’
Flavors: r-patched-linux-x86_64, r-release-linux-x86_64