Last updated on 2025-02-22 06:51:37 CET.
Flavor | Version | Tinstall | Tcheck | Ttotal | Status | Flags |
---|---|---|---|---|---|---|
r-devel-linux-x86_64-debian-clang | 0.3.0 | 24.63 | 156.24 | 180.87 | NOTE | |
r-devel-linux-x86_64-debian-gcc | 0.3.0 | 16.17 | 105.01 | 121.18 | NOTE | |
r-devel-linux-x86_64-fedora-clang | 0.3.0 | 282.56 | OK | |||
r-devel-linux-x86_64-fedora-gcc | 0.3.0 | 287.75 | OK | |||
r-devel-macos-arm64 | 0.3.0 | 76.00 | OK | |||
r-devel-macos-x86_64 | 0.3.0 | 151.00 | OK | |||
r-devel-windows-x86_64 | 0.3.0 | 24.00 | 141.00 | 165.00 | NOTE | |
r-patched-linux-x86_64 | 0.3.0 | 27.69 | 141.31 | 169.00 | OK | |
r-release-linux-x86_64 | 0.3.0 | 22.48 | 141.09 | 163.57 | OK | |
r-release-macos-arm64 | 0.3.0 | 73.00 | OK | |||
r-release-macos-x86_64 | 0.3.0 | 107.00 | OK | |||
r-release-windows-x86_64 | 0.3.0 | 25.00 | 139.00 | 164.00 | OK | |
r-oldrel-macos-arm64 | 0.3.0 | 96.00 | OK | |||
r-oldrel-macos-x86_64 | 0.3.0 | 144.00 | OK | |||
r-oldrel-windows-x86_64 | 0.3.0 | 30.00 | 184.00 | 214.00 | OK |
Version: 0.3.0
Check: Rd cross-references
Result: NOTE
Found the following Rd file(s) with Rd \link{} targets missing package
anchors:
betaturn.Rd: microtable, trans_beta
taxaturn.Rd: microtable
Please provide package anchors for all Rd \link{} targets not in the
package itself and the base packages.
Flavors: r-devel-linux-x86_64-debian-clang, r-devel-linux-x86_64-debian-gcc, r-devel-windows-x86_64