Last updated on 2025-02-22 06:51:37 CET.
Flavor | Version | Tinstall | Tcheck | Ttotal | Status | Flags |
---|---|---|---|---|---|---|
r-devel-linux-x86_64-debian-clang | 0.4.3 | 14.75 | 117.97 | 132.72 | NOTE | |
r-devel-linux-x86_64-debian-gcc | 0.4.3 | 10.03 | 87.86 | 97.89 | NOTE | |
r-devel-linux-x86_64-fedora-clang | 0.4.3 | 206.04 | OK | |||
r-devel-linux-x86_64-fedora-gcc | 0.4.3 | 230.73 | OK | |||
r-devel-macos-arm64 | 0.4.3 | 71.00 | OK | |||
r-devel-macos-x86_64 | 0.4.3 | 169.00 | OK | |||
r-devel-windows-x86_64 | 0.4.3 | 16.00 | 122.00 | 138.00 | NOTE | |
r-patched-linux-x86_64 | 0.4.3 | 17.15 | 109.07 | 126.22 | OK | |
r-release-linux-x86_64 | 0.4.3 | 12.63 | 110.29 | 122.92 | OK | |
r-release-macos-arm64 | 0.4.3 | 70.00 | OK | |||
r-release-macos-x86_64 | 0.4.3 | 117.00 | OK | |||
r-release-windows-x86_64 | 0.4.3 | 16.00 | 124.00 | 140.00 | OK | |
r-oldrel-macos-arm64 | 0.4.3 | 66.00 | OK | |||
r-oldrel-macos-x86_64 | 0.4.3 | 143.00 | OK | |||
r-oldrel-windows-x86_64 | 0.4.3 | 20.00 | 149.00 | 169.00 | OK |
Version: 0.4.3
Check: Rd cross-references
Result: NOTE
Found the following Rd file(s) with Rd \link{} targets missing package
anchors:
AuditorFitter.Rd: data.table
CVLearnerAuditorFitter.Rd: data.table
LearnerAuditorFitter.Rd: data.table
MCBoost.Rd: data.table
SubgroupAuditorFitter.Rd: data.table
SubpopAuditorFitter.Rd: data.table
mlr_pipeops_mcboost.Rd: R6Class, data.table, PipeOp, Learner
ppl_mcboost.Rd: Graph
Please provide package anchors for all Rd \link{} targets not in the
package itself and the base packages.
Flavors: r-devel-linux-x86_64-debian-clang, r-devel-linux-x86_64-debian-gcc, r-devel-windows-x86_64