Last updated on 2025-02-22 06:51:35 CET.
Flavor | Version | Tinstall | Tcheck | Ttotal | Status | Flags |
---|---|---|---|---|---|---|
r-devel-linux-x86_64-debian-clang | 1.1.12.1 | 12.97 | 111.82 | 124.79 | OK | |
r-devel-linux-x86_64-debian-gcc | 1.1.12.1 | 7.44 | 80.29 | 87.73 | OK | |
r-devel-linux-x86_64-fedora-clang | 1.1.12.1 | 196.52 | OK | |||
r-devel-linux-x86_64-fedora-gcc | 1.1.12.1 | 224.96 | OK | |||
r-devel-macos-arm64 | 1.1.12.1 | 67.00 | OK | |||
r-devel-macos-x86_64 | 1.1.12.1 | 104.00 | OK | |||
r-devel-windows-x86_64 | 1.1.12.1 | 12.00 | 136.00 | 148.00 | OK | |
r-patched-linux-x86_64 | 1.1.12.1 | 10.69 | 103.49 | 114.18 | NOTE | |
r-release-linux-x86_64 | 1.1.12.1 | 11.20 | 103.87 | 115.07 | NOTE | |
r-release-macos-arm64 | 1.1.12.1 | 67.00 | NOTE | |||
r-release-macos-x86_64 | 1.1.12.1 | 149.00 | NOTE | |||
r-release-windows-x86_64 | 1.1.12.1 | 11.00 | 136.00 | 147.00 | NOTE | |
r-oldrel-macos-arm64 | 1.1.12.1 | 96.00 | NOTE | |||
r-oldrel-macos-x86_64 | 1.1.12.1 | 146.00 | NOTE | |||
r-oldrel-windows-x86_64 | 1.1.12.1 | 16.00 | 159.00 | 175.00 | NOTE |
Version: 1.1.12.1
Check: package dependencies
Result: NOTE
Package suggested but not available for checking: ‘rrelaxiv’
Flavors: r-patched-linux-x86_64, r-release-linux-x86_64, r-release-macos-arm64, r-release-macos-x86_64, r-release-windows-x86_64, r-oldrel-macos-arm64, r-oldrel-macos-x86_64, r-oldrel-windows-x86_64