Last updated on 2025-02-22 06:51:34 CET.
Flavor | Version | Tinstall | Tcheck | Ttotal | Status | Flags |
---|---|---|---|---|---|---|
r-devel-linux-x86_64-debian-clang | 1.3.5 | 7.00 | 62.07 | 69.07 | NOTE | |
r-devel-linux-x86_64-debian-gcc | 1.3.5 | 4.94 | 45.03 | 49.97 | NOTE | |
r-devel-linux-x86_64-fedora-clang | 1.3.5 | 105.30 | OK | |||
r-devel-linux-x86_64-fedora-gcc | 1.3.5 | 116.62 | OK | |||
r-devel-macos-arm64 | 1.3.5 | 39.00 | OK | |||
r-devel-macos-x86_64 | 1.3.5 | 76.00 | OK | |||
r-devel-windows-x86_64 | 1.3.5 | 9.00 | 87.00 | 96.00 | NOTE | |
r-patched-linux-x86_64 | 1.3.5 | 10.90 | 57.72 | 68.62 | OK | |
r-release-linux-x86_64 | 1.3.5 | 5.65 | 57.07 | 62.72 | OK | |
r-release-macos-arm64 | 1.3.5 | 39.00 | OK | |||
r-release-macos-x86_64 | 1.3.5 | 59.00 | OK | |||
r-release-windows-x86_64 | 1.3.5 | 9.00 | 88.00 | 97.00 | OK | |
r-oldrel-macos-arm64 | 1.3.5 | 44.00 | OK | |||
r-oldrel-macos-x86_64 | 1.3.5 | 65.00 | OK | |||
r-oldrel-windows-x86_64 | 1.3.5 | 10.00 | 96.00 | 106.00 | OK |
Version: 1.3.5
Check: Rd cross-references
Result: NOTE
Found the following Rd file(s) with Rd \link{} targets missing package
anchors:
plot.likert.Rd: theme
plot.likert.gap.Rd: theme
print.xlikert.Rd: print.xtable
xtable.likert.Rd: xtable, print.xtable
Please provide package anchors for all Rd \link{} targets not in the
package itself and the base packages.
Flavors: r-devel-linux-x86_64-debian-clang, r-devel-linux-x86_64-debian-gcc, r-devel-windows-x86_64