CRAN Package Check Results for Package labourR

Last updated on 2025-02-22 06:51:34 CET.

Flavor Version Tinstall Tcheck Ttotal Status Flags
r-devel-linux-x86_64-debian-clang 1.0.0 8.60 50.11 58.71 NOTE
r-devel-linux-x86_64-debian-gcc 1.0.0 7.12 38.37 45.49 NOTE
r-devel-linux-x86_64-fedora-clang 1.0.0 87.03 OK
r-devel-linux-x86_64-fedora-gcc 1.0.0 97.04 OK
r-devel-macos-arm64 1.0.0 42.00 OK
r-devel-macos-x86_64 1.0.0 87.00 OK
r-devel-windows-x86_64 1.0.0 10.00 66.00 76.00 NOTE
r-patched-linux-x86_64 1.0.0 11.23 44.67 55.90 OK
r-release-linux-x86_64 1.0.0 9.05 44.10 53.15 OK
r-release-macos-arm64 1.0.0 40.00 OK
r-release-macos-x86_64 1.0.0 56.00 OK
r-release-windows-x86_64 1.0.0 10.00 66.00 76.00 OK
r-oldrel-macos-arm64 1.0.0 43.00 OK
r-oldrel-macos-x86_64 1.0.0 60.00 OK
r-oldrel-windows-x86_64 1.0.0 11.00 70.00 81.00 OK

Check Details

Version: 1.0.0
Check: Rd cross-references
Result: NOTE Found the following Rd file(s) with Rd \link{} targets missing package anchors: get_stopwords.Rd: stopwords, data_stopwords_misc identify_language.Rd: cld2 Please provide package anchors for all Rd \link{} targets not in the package itself and the base packages. Flavors: r-devel-linux-x86_64-debian-clang, r-devel-linux-x86_64-debian-gcc, r-devel-windows-x86_64