CRAN Package Check Results for Package kosel

Last updated on 2025-02-22 06:51:34 CET.

Flavor Version Tinstall Tcheck Ttotal Status Flags
r-devel-linux-x86_64-debian-clang 0.0.1 6.90 57.64 64.54 OK
r-devel-linux-x86_64-debian-gcc 0.0.1 5.30 43.91 49.21 OK
r-devel-linux-x86_64-fedora-clang 0.0.1 102.42 OK
r-devel-linux-x86_64-fedora-gcc 0.0.1 97.51 OK
r-devel-macos-arm64 0.0.1 28.00 OK
r-devel-macos-x86_64 0.0.1 52.00 OK
r-devel-windows-x86_64 0.0.1 7.00 69.00 76.00 OK
r-patched-linux-x86_64 0.0.1 6.62 55.12 61.74 NOTE
r-release-linux-x86_64 0.0.1 6.24 55.11 61.35 NOTE
r-release-macos-arm64 0.0.1 31.00 NOTE
r-release-macos-x86_64 0.0.1 46.00 NOTE
r-release-windows-x86_64 0.0.1 9.00 71.00 80.00 NOTE
r-oldrel-macos-arm64 0.0.1 35.00 NOTE
r-oldrel-macos-x86_64 0.0.1 55.00 NOTE
r-oldrel-windows-x86_64 0.0.1 10.00 91.00 101.00 NOTE

Check Details

Version: 0.0.1
Check: LazyData
Result: NOTE 'LazyData' is specified without a 'data' directory Flavors: r-patched-linux-x86_64, r-release-linux-x86_64, r-release-macos-arm64, r-release-macos-x86_64, r-release-windows-x86_64, r-oldrel-macos-arm64, r-oldrel-macos-x86_64, r-oldrel-windows-x86_64