Last updated on 2025-02-22 06:51:34 CET.
Flavor | Version | Tinstall | Tcheck | Ttotal | Status | Flags |
---|---|---|---|---|---|---|
r-devel-linux-x86_64-debian-clang | 0.1-0 | 7.12 | 49.57 | 56.69 | OK | |
r-devel-linux-x86_64-debian-gcc | 0.1-0 | 5.63 | 40.73 | 46.36 | OK | |
r-devel-linux-x86_64-fedora-clang | 0.1-0 | 92.40 | OK | |||
r-devel-linux-x86_64-fedora-gcc | 0.1-0 | 102.95 | OK | |||
r-devel-macos-arm64 | 0.1-0 | 5.00 | ERROR | |||
r-devel-macos-x86_64 | 0.1-0 | 8.00 | ERROR | |||
r-devel-windows-x86_64 | 0.1-0 | 9.00 | 86.00 | 95.00 | OK | |
r-patched-linux-x86_64 | 0.1-0 | 7.56 | 46.09 | 53.65 | OK | |
r-release-linux-x86_64 | 0.1-0 | 7.44 | 46.28 | 53.72 | OK | |
r-release-macos-arm64 | 0.1-0 | 9.00 | ERROR | |||
r-release-macos-x86_64 | 0.1-0 | 13.00 | ERROR | |||
r-release-windows-x86_64 | 0.1-0 | 9.00 | 85.00 | 94.00 | OK | |
r-oldrel-macos-arm64 | 0.1-0 | 9.00 | ERROR | |||
r-oldrel-macos-x86_64 | 0.1-0 | 11.00 | ERROR | |||
r-oldrel-windows-x86_64 | 0.1-0 | 10.00 | 92.00 | 102.00 | OK |
Version: 0.1-0
Check: package dependencies
Result: ERROR
Package required but not available: ‘pbdMPI’
See section ‘The DESCRIPTION file’ in the ‘Writing R Extensions’
manual.
Flavors: r-devel-macos-arm64, r-devel-macos-x86_64, r-release-macos-arm64, r-release-macos-x86_64, r-oldrel-macos-arm64, r-oldrel-macos-x86_64