Last updated on 2025-02-22 06:51:34 CET.
Flavor | Version | Tinstall | Tcheck | Ttotal | Status | Flags |
---|---|---|---|---|---|---|
r-devel-linux-x86_64-debian-clang | 0.1 | 8.21 | 63.48 | 71.69 | NOTE | |
r-devel-linux-x86_64-debian-gcc | 0.1 | 6.14 | 48.05 | 54.19 | NOTE | |
r-devel-linux-x86_64-fedora-clang | 0.1 | 119.01 | NOTE | |||
r-devel-linux-x86_64-fedora-gcc | 0.1 | 128.52 | NOTE | |||
r-devel-macos-arm64 | 0.1 | 59.00 | NOTE | |||
r-devel-macos-x86_64 | 0.1 | 90.00 | NOTE | |||
r-devel-windows-x86_64 | 0.1 | 8.00 | 71.00 | 79.00 | NOTE | |
r-patched-linux-x86_64 | 0.1 | 8.54 | 61.42 | 69.96 | NOTE | |
r-release-linux-x86_64 | 0.1 | 8.49 | 60.13 | 68.62 | NOTE | |
r-release-macos-arm64 | 0.1 | 58.00 | NOTE | |||
r-release-macos-x86_64 | 0.1 | 78.00 | NOTE | |||
r-release-windows-x86_64 | 0.1 | 8.00 | 68.00 | 76.00 | NOTE | |
r-oldrel-macos-arm64 | 0.1 | 38.00 | NOTE | |||
r-oldrel-macos-x86_64 | 0.1 | 65.00 | NOTE | |||
r-oldrel-windows-x86_64 | 0.1 | 9.00 | 73.00 | 82.00 | NOTE |
Version: 0.1
Check: package subdirectories
Result: NOTE
Problems with news in ‘NEWS.md’:
Cannot extract version info from the following section titles:
pre-release juicr (2017 - 2021)
Flavors: r-devel-linux-x86_64-debian-clang, r-devel-linux-x86_64-debian-gcc, r-devel-linux-x86_64-fedora-clang, r-devel-linux-x86_64-fedora-gcc, r-devel-macos-arm64, r-devel-macos-x86_64, r-devel-windows-x86_64, r-patched-linux-x86_64, r-release-linux-x86_64, r-release-macos-arm64, r-release-macos-x86_64, r-release-windows-x86_64, r-oldrel-macos-arm64, r-oldrel-macos-x86_64, r-oldrel-windows-x86_64