Last updated on 2025-02-22 06:51:33 CET.
Flavor | Version | Tinstall | Tcheck | Ttotal | Status | Flags |
---|---|---|---|---|---|---|
r-devel-linux-x86_64-debian-clang | 0.100.2 | 16.99 | 137.34 | 154.33 | NOTE | |
r-devel-linux-x86_64-debian-gcc | 0.100.2 | 10.39 | 88.64 | 99.03 | NOTE | |
r-devel-linux-x86_64-fedora-clang | 0.100.2 | 259.52 | OK | |||
r-devel-linux-x86_64-fedora-gcc | 0.100.2 | 236.56 | OK | |||
r-devel-macos-arm64 | 0.100.2 | 65.00 | OK | |||
r-devel-macos-x86_64 | 0.100.2 | 170.00 | OK | |||
r-devel-windows-x86_64 | 0.100.2 | 20.00 | 155.00 | 175.00 | NOTE | |
r-patched-linux-x86_64 | 0.100.2 | 16.05 | 126.01 | 142.06 | OK | |
r-release-linux-x86_64 | 0.100.2 | 14.36 | 124.89 | 139.25 | OK | |
r-release-macos-arm64 | 0.100.2 | 70.00 | OK | |||
r-release-macos-x86_64 | 0.100.2 | 132.00 | OK | |||
r-release-windows-x86_64 | 0.100.2 | 19.00 | 153.00 | 172.00 | OK | |
r-oldrel-macos-arm64 | 0.100.2 | 75.00 | OK | |||
r-oldrel-macos-x86_64 | 0.100.2 | 172.00 | OK | |||
r-oldrel-windows-x86_64 | 0.100.2 | 25.00 | 193.00 | 218.00 | OK |
Version: 0.100.2
Check: Rd cross-references
Result: NOTE
Found the following Rd file(s) with Rd \link{} targets missing package
anchors:
map-sel-poly.Rd: levelplot
Please provide package anchors for all Rd \link{} targets not in the
package itself and the base packages.
Flavors: r-devel-linux-x86_64-debian-clang, r-devel-linux-x86_64-debian-gcc, r-devel-windows-x86_64