Last updated on 2025-02-22 06:51:32 CET.
Flavor | Version | Tinstall | Tcheck | Ttotal | Status | Flags |
---|---|---|---|---|---|---|
r-devel-linux-x86_64-debian-clang | 1.3 | 6.84 | 56.52 | 63.36 | NOTE | |
r-devel-linux-x86_64-debian-gcc | 1.3 | 4.85 | 40.73 | 45.58 | NOTE | |
r-devel-linux-x86_64-fedora-clang | 1.3 | 101.20 | OK | |||
r-devel-linux-x86_64-fedora-gcc | 1.3 | 99.10 | OK | |||
r-devel-macos-arm64 | 1.3 | 32.00 | OK | |||
r-devel-macos-x86_64 | 1.3 | 55.00 | OK | |||
r-devel-windows-x86_64 | 1.3 | 8.00 | 73.00 | 81.00 | NOTE | |
r-patched-linux-x86_64 | 1.3 | 8.94 | 54.12 | 63.06 | OK | |
r-release-linux-x86_64 | 1.3 | 6.16 | 54.47 | 60.63 | OK | |
r-release-macos-arm64 | 1.3 | 30.00 | OK | |||
r-release-macos-x86_64 | 1.3 | 44.00 | OK | |||
r-release-windows-x86_64 | 1.3 | 8.00 | 71.00 | 79.00 | OK | |
r-oldrel-macos-arm64 | 1.3 | 35.00 | OK | |||
r-oldrel-macos-x86_64 | 1.3 | 56.00 | OK | |||
r-oldrel-windows-x86_64 | 1.3 | 9.00 | 84.00 | 93.00 | OK |
Version: 1.3
Check: Rd cross-references
Result: NOTE
Found the following Rd file(s) with Rd \link{} targets missing package
anchors:
plot.hglasso.Rd: layout.kamada.kawai, plot.igraph
Please provide package anchors for all Rd \link{} targets not in the
package itself and the base packages.
Flavors: r-devel-linux-x86_64-debian-clang, r-devel-linux-x86_64-debian-gcc, r-devel-windows-x86_64