Last updated on 2025-02-22 06:51:32 CET.
Flavor | Version | Tinstall | Tcheck | Ttotal | Status | Flags |
---|---|---|---|---|---|---|
r-devel-linux-x86_64-debian-clang | 0.3.0 | 0.50 | 1.72 | 2.22 | ERROR | |
r-devel-linux-x86_64-debian-gcc | 0.3.0 | 8.80 | 63.27 | 72.07 | NOTE | |
r-devel-linux-x86_64-fedora-clang | 0.3.0 | 168.98 | NOTE | |||
r-devel-linux-x86_64-fedora-gcc | 0.3.0 | 155.38 | NOTE | |||
r-devel-macos-arm64 | 0.3.0 | 45.00 | OK | |||
r-devel-macos-x86_64 | 0.3.0 | 87.00 | NOTE | |||
r-devel-windows-x86_64 | 0.3.0 | 13.00 | 109.00 | 122.00 | NOTE | |
r-patched-linux-x86_64 | 0.3.0 | 13.31 | 84.16 | 97.47 | OK | |
r-release-linux-x86_64 | 0.3.0 | 12.35 | 83.88 | 96.23 | OK | |
r-release-macos-arm64 | 0.3.0 | 45.00 | OK | |||
r-release-macos-x86_64 | 0.3.0 | 114.00 | OK | |||
r-release-windows-x86_64 | 0.3.0 | 14.00 | 101.00 | 115.00 | OK | |
r-oldrel-macos-arm64 | 0.3.0 | 48.00 | OK | |||
r-oldrel-macos-x86_64 | 0.3.0 | 81.00 | OK | |||
r-oldrel-windows-x86_64 | 0.3.0 | 18.00 | 124.00 | 142.00 | OK |
Version: 0.3.0
Check: package dependencies
Result: ERROR
Packages required but not available: 'gdsfmt', 'SNPRelate'
See section ‘The DESCRIPTION file’ in the ‘Writing R Extensions’
manual.
Flavor: r-devel-linux-x86_64-debian-clang
Version: 0.3.0
Check: DESCRIPTION meta-information
Result: NOTE
Missing dependency on R >= 4.1.0 because package code uses the pipe
|> or function shorthand \(...) syntax added in R 4.1.0.
File(s) using such syntax:
‘plot.R’
Flavors: r-devel-linux-x86_64-debian-gcc, r-devel-linux-x86_64-fedora-clang, r-devel-linux-x86_64-fedora-gcc, r-devel-macos-x86_64, r-devel-windows-x86_64