Last updated on 2025-02-22 06:51:32 CET.
Flavor | Version | Tinstall | Tcheck | Ttotal | Status | Flags |
---|---|---|---|---|---|---|
r-devel-linux-x86_64-debian-clang | 1.6.3 | 63.30 | 134.50 | 197.80 | NOTE | |
r-devel-linux-x86_64-debian-gcc | 1.6.3 | 44.66 | 84.75 | 129.41 | NOTE | |
r-devel-linux-x86_64-fedora-clang | 1.6.3 | 329.88 | OK | |||
r-devel-linux-x86_64-fedora-gcc | 1.6.3 | 319.48 | OK | |||
r-devel-macos-arm64 | 1.6.3 | 74.00 | OK | |||
r-devel-macos-x86_64 | 1.6.3 | 179.00 | OK | |||
r-devel-windows-x86_64 | 1.6.3 | 59.00 | 135.00 | 194.00 | OK | |
r-patched-linux-x86_64 | 1.6.3 | 60.67 | 125.73 | 186.40 | OK | |
r-release-linux-x86_64 | 1.6.3 | 62.74 | 122.53 | 185.27 | OK | |
r-release-macos-arm64 | 1.6.3 | 73.00 | NOTE | |||
r-release-macos-x86_64 | 1.6.3 | 118.00 | NOTE | |||
r-release-windows-x86_64 | 1.6.3 | 59.00 | 133.00 | 192.00 | OK | |
r-oldrel-macos-arm64 | 1.6.3 | 73.00 | NOTE | |||
r-oldrel-macos-x86_64 | 1.6.3 | 179.00 | NOTE | |||
r-oldrel-windows-x86_64 | 1.6.3 | 78.00 | 169.00 | 247.00 | OK |
Version: 1.6.3
Check: for unstated dependencies in ‘demo’
Result: NOTE
'library' or 'require' calls not declared from:
‘MASS’ ‘nlme’
Flavors: r-devel-linux-x86_64-debian-clang, r-devel-linux-x86_64-debian-gcc
Version: 1.6.3
Check: installed package size
Result: NOTE
installed size is 10.6Mb
sub-directories of 1Mb or more:
libs 10.0Mb
Flavors: r-release-macos-arm64, r-release-macos-x86_64, r-oldrel-macos-arm64, r-oldrel-macos-x86_64