CRAN Package Check Results for Package ggx

Last updated on 2025-02-22 06:51:32 CET.

Flavor Version Tinstall Tcheck Ttotal Status Flags
r-devel-linux-x86_64-debian-clang 0.1.1 1.75 28.98 30.73 OK
r-devel-linux-x86_64-debian-gcc 0.1.1 1.41 23.12 24.53 OK
r-devel-linux-x86_64-fedora-clang 0.1.1 48.68 NOTE
r-devel-linux-x86_64-fedora-gcc 0.1.1 61.78 NOTE
r-devel-macos-arm64 0.1.1 26.00 OK
r-devel-macos-x86_64 0.1.1 49.00 OK
r-devel-windows-x86_64 0.1.1 4.00 61.00 65.00 OK
r-patched-linux-x86_64 0.1.1 1.75 28.05 29.80 NOTE
r-release-linux-x86_64 0.1.1 1.80 27.98 29.78 NOTE
r-release-macos-arm64 0.1.1 24.00 NOTE
r-release-macos-x86_64 0.1.1 37.00 NOTE
r-release-windows-x86_64 0.1.1 3.00 60.00 63.00 NOTE
r-oldrel-macos-arm64 0.1.1 24.00 NOTE
r-oldrel-macos-x86_64 0.1.1 40.00 NOTE
r-oldrel-windows-x86_64 0.1.1 4.00 57.00 61.00 NOTE

Check Details

Version: 0.1.1
Check: dependencies in R code
Result: NOTE Namespace in Imports field not imported from: ‘ggplot2’ All declared Imports should be used. Flavors: r-devel-linux-x86_64-fedora-clang, r-devel-linux-x86_64-fedora-gcc

Version: 0.1.1
Check: LazyData
Result: NOTE 'LazyData' is specified without a 'data' directory Flavors: r-patched-linux-x86_64, r-release-linux-x86_64, r-release-macos-arm64, r-release-macos-x86_64, r-release-windows-x86_64, r-oldrel-macos-arm64, r-oldrel-macos-x86_64, r-oldrel-windows-x86_64