Last updated on 2025-02-22 06:51:31 CET.
Flavor | Version | Tinstall | Tcheck | Ttotal | Status | Flags |
---|---|---|---|---|---|---|
r-devel-linux-x86_64-debian-clang | 3.0.2 | 13.52 | 85.82 | 99.34 | NOTE | |
r-devel-linux-x86_64-debian-gcc | 3.0.2 | 10.06 | 59.19 | 69.25 | NOTE | |
r-devel-linux-x86_64-fedora-clang | 3.0.2 | 154.85 | NOTE | |||
r-devel-linux-x86_64-fedora-gcc | 3.0.2 | 145.94 | NOTE | |||
r-devel-macos-arm64 | 3.0.2 | 43.00 | OK | |||
r-devel-macos-x86_64 | 3.0.2 | 89.00 | NOTE | |||
r-devel-windows-x86_64 | 3.0.2 | 14.00 | 98.00 | 112.00 | NOTE | |
r-patched-linux-x86_64 | 3.0.2 | 12.58 | 78.99 | 91.57 | OK | |
r-release-linux-x86_64 | 3.0.2 | 12.84 | 81.39 | 94.23 | OK | |
r-release-macos-arm64 | 3.0.2 | 46.00 | OK | |||
r-release-macos-x86_64 | 3.0.2 | 55.00 | OK | |||
r-release-windows-x86_64 | 3.0.2 | 15.00 | 92.00 | 107.00 | OK | |
r-oldrel-macos-arm64 | 3.0.2 | 43.00 | OK | |||
r-oldrel-macos-x86_64 | 3.0.2 | 76.00 | OK | |||
r-oldrel-windows-x86_64 | 3.0.2 | 19.00 | 114.00 | 133.00 | OK |
Version: 3.0.2
Check: DESCRIPTION meta-information
Result: NOTE
Missing dependency on R >= 4.1.0 because package code uses the pipe
|> or function shorthand \(...) syntax added in R 4.1.0.
File(s) using such syntax:
‘mod_carga_datos.R’ ‘mod_comparacion.R’ ‘mod_descom.R’
‘mod_descom_utils.R’ ‘mod_desvio.R’ ‘mod_model_arima_utils.R’
‘mod_normal_utils.R’ ‘mod_nuevos.R’ ‘mod_periodograma.R’
‘mod_periodograma_utils_.R’ ‘mod_t_c.R’ ‘mod_t_c_utils.R’
‘mod_train_test.R’ ‘ts_utils.R’
Flavors: r-devel-linux-x86_64-debian-clang, r-devel-linux-x86_64-debian-gcc, r-devel-linux-x86_64-fedora-clang, r-devel-linux-x86_64-fedora-gcc, r-devel-macos-x86_64, r-devel-windows-x86_64