Last updated on 2025-02-22 06:51:30 CET.
Flavor | Version | Tinstall | Tcheck | Ttotal | Status | Flags |
---|---|---|---|---|---|---|
r-devel-linux-x86_64-debian-clang | 0.3.3 | 21.05 | 104.72 | 125.77 | OK | |
r-devel-linux-x86_64-debian-gcc | 0.3.3 | 14.63 | 74.60 | 89.23 | OK | |
r-devel-linux-x86_64-fedora-clang | 0.3.3 | 196.14 | OK | |||
r-devel-linux-x86_64-fedora-gcc | 0.3.3 | 193.39 | OK | |||
r-devel-macos-arm64 | 0.3.3 | 66.00 | OK | |||
r-devel-macos-x86_64 | 0.3.3 | 154.00 | OK | |||
r-devel-windows-x86_64 | 0.3.3 | 26.00 | 109.00 | 135.00 | OK | |
r-patched-linux-x86_64 | 0.3.3 | 18.46 | 98.21 | 116.67 | OK | |
r-release-linux-x86_64 | 0.3.3 | 19.99 | 97.42 | 117.41 | OK | |
r-release-macos-arm64 | 0.3.3 | 52.00 | NOTE | |||
r-release-macos-x86_64 | 0.3.3 | 87.00 | NOTE | |||
r-release-windows-x86_64 | 0.3.3 | 26.00 | 116.00 | 142.00 | NOTE | |
r-oldrel-macos-arm64 | 0.3.3 | 60.00 | NOTE | |||
r-oldrel-macos-x86_64 | 0.3.3 | 125.00 | NOTE | |||
r-oldrel-windows-x86_64 | 0.3.3 | 31.00 | 136.00 | 167.00 | NOTE |
Version: 0.3.3
Check: installed package size
Result: NOTE
installed size is 10.6Mb
sub-directories of 1Mb or more:
doc 9.1Mb
Flavors: r-release-macos-arm64, r-release-macos-x86_64, r-release-windows-x86_64, r-oldrel-macos-arm64, r-oldrel-macos-x86_64, r-oldrel-windows-x86_64