CRAN Package Check Results for Package fabricerin

Last updated on 2025-02-22 06:51:30 CET.

Flavor Version Tinstall Tcheck Ttotal Status Flags
r-devel-linux-x86_64-debian-clang 0.1.2 2.20 17.83 20.03 OK
r-devel-linux-x86_64-debian-gcc 0.1.2 1.30 14.32 15.62 OK
r-devel-linux-x86_64-fedora-clang 0.1.2 30.98 OK
r-devel-linux-x86_64-fedora-gcc 0.1.2 29.53 OK
r-devel-macos-arm64 0.1.2 17.00 OK
r-devel-macos-x86_64 0.1.2 24.00 OK
r-devel-windows-x86_64 0.1.2 3.00 42.00 45.00 OK
r-patched-linux-x86_64 0.1.2 2.20 17.01 19.21 NOTE
r-release-linux-x86_64 0.1.2 1.41 16.96 18.37 NOTE
r-release-macos-arm64 0.1.2 14.00 NOTE
r-release-macos-x86_64 0.1.2 20.00 NOTE
r-release-windows-x86_64 0.1.2 4.00 41.00 45.00 NOTE
r-oldrel-macos-arm64 0.1.2 16.00 NOTE
r-oldrel-macos-x86_64 0.1.2 20.00 NOTE
r-oldrel-windows-x86_64 0.1.2 3.00 43.00 46.00 NOTE

Check Details

Version: 0.1.2
Check: LazyData
Result: NOTE 'LazyData' is specified without a 'data' directory Flavors: r-patched-linux-x86_64, r-release-linux-x86_64, r-release-macos-arm64, r-release-macos-x86_64, r-release-windows-x86_64, r-oldrel-macos-arm64, r-oldrel-macos-x86_64, r-oldrel-windows-x86_64