Last updated on 2025-02-22 06:51:30 CET.
Flavor | Version | Tinstall | Tcheck | Ttotal | Status | Flags |
---|---|---|---|---|---|---|
r-devel-linux-x86_64-debian-clang | 0.2.4 | 1.98 | 39.88 | 41.86 | OK | |
r-devel-linux-x86_64-debian-gcc | 0.2.4 | 1.62 | 30.90 | 32.52 | OK | |
r-devel-linux-x86_64-fedora-clang | 0.2.4 | 65.71 | OK | |||
r-devel-linux-x86_64-fedora-gcc | 0.2.4 | 75.14 | OK | |||
r-devel-macos-arm64 | 0.2.4 | 32.00 | OK | |||
r-devel-macos-x86_64 | 0.2.4 | 61.00 | OK | |||
r-devel-windows-x86_64 | 0.2.4 | 5.00 | 57.00 | 62.00 | OK | |
r-patched-linux-x86_64 | 0.2.4 | 2.27 | 37.69 | 39.96 | NOTE | |
r-release-linux-x86_64 | 0.2.4 | 2.25 | 37.20 | 39.45 | NOTE | |
r-release-macos-arm64 | 0.2.4 | 27.00 | NOTE | |||
r-release-macos-x86_64 | 0.2.4 | 46.00 | NOTE | |||
r-release-windows-x86_64 | 0.2.4 | 5.00 | 59.00 | 64.00 | NOTE | |
r-oldrel-macos-arm64 | 0.2.4 | 29.00 | NOTE | |||
r-oldrel-macos-x86_64 | 0.2.4 | 41.00 | NOTE | |||
r-oldrel-windows-x86_64 | 0.2.4 | 5.00 | 63.00 | 68.00 | NOTE |
Version: 0.2.4
Check: LazyData
Result: NOTE
'LazyData' is specified without a 'data' directory
Flavors: r-patched-linux-x86_64, r-release-linux-x86_64, r-release-macos-arm64, r-release-macos-x86_64, r-release-windows-x86_64, r-oldrel-macos-arm64, r-oldrel-macos-x86_64, r-oldrel-windows-x86_64