Last updated on 2025-02-22 06:51:30 CET.
Flavor | Version | Tinstall | Tcheck | Ttotal | Status | Flags |
---|---|---|---|---|---|---|
r-devel-linux-x86_64-debian-clang | 1.0.2 | 5.30 | 53.29 | 58.59 | NOTE | |
r-devel-linux-x86_64-debian-gcc | 1.0.2 | 3.30 | 38.29 | 41.59 | NOTE | |
r-devel-linux-x86_64-fedora-clang | 1.0.2 | 92.40 | OK | |||
r-devel-linux-x86_64-fedora-gcc | 1.0.2 | 101.51 | OK | |||
r-devel-macos-arm64 | 1.0.2 | 35.00 | OK | |||
r-devel-macos-x86_64 | 1.0.2 | 70.00 | OK | |||
r-devel-windows-x86_64 | 1.0.2 | 6.00 | 101.00 | 107.00 | NOTE | |
r-patched-linux-x86_64 | 1.0.2 | 5.57 | 50.13 | 55.70 | OK | |
r-release-linux-x86_64 | 1.0.2 | 4.67 | 50.71 | 55.38 | OK | |
r-release-macos-arm64 | 1.0.2 | 35.00 | OK | |||
r-release-macos-x86_64 | 1.0.2 | 54.00 | OK | |||
r-release-windows-x86_64 | 1.0.2 | 6.00 | 100.00 | 106.00 | OK | |
r-oldrel-macos-arm64 | 1.0.2 | 37.00 | OK | |||
r-oldrel-macos-x86_64 | 1.0.2 | 75.00 | OK | |||
r-oldrel-windows-x86_64 | 1.0.2 | 6.00 | 104.00 | 110.00 | OK |
Version: 1.0.2
Check: Rd cross-references
Result: NOTE
Found the following Rd file(s) with Rd \link{} targets missing package
anchors:
cox.adapt.Rd: coxph
Please provide package anchors for all Rd \link{} targets not in the
package itself and the base packages.
Flavors: r-devel-linux-x86_64-debian-clang, r-devel-linux-x86_64-debian-gcc, r-devel-windows-x86_64