Last updated on 2025-02-22 06:51:30 CET.
Flavor | Version | Tinstall | Tcheck | Ttotal | Status | Flags |
---|---|---|---|---|---|---|
r-devel-linux-x86_64-debian-clang | 1.10.0 | 102.74 | 413.31 | 516.05 | OK | |
r-devel-linux-x86_64-debian-gcc | 1.10.0 | 72.00 | 313.33 | 385.33 | OK | |
r-devel-linux-x86_64-fedora-clang | 1.10.0 | 1003.40 | OK | |||
r-devel-linux-x86_64-fedora-gcc | 1.10.0 | 981.10 | OK | |||
r-devel-macos-arm64 | 1.10.0 | 226.00 | OK | |||
r-devel-macos-x86_64 | 1.10.0 | 541.00 | OK | |||
r-devel-windows-x86_64 | 1.10.0 | 107.00 | 366.00 | 473.00 | OK | |
r-patched-linux-x86_64 | 1.10.0 | 99.19 | 392.67 | 491.86 | OK | |
r-release-linux-x86_64 | 1.10.0 | 96.33 | 397.06 | 493.39 | OK | |
r-release-macos-arm64 | 1.10.0 | 388.00 | NOTE | |||
r-release-macos-x86_64 | 1.10.0 | 525.00 | OK | |||
r-release-windows-x86_64 | 1.10.0 | 105.00 | 367.00 | 472.00 | OK | |
r-oldrel-macos-arm64 | 1.9.0 | 170.00 | NOTE | |||
r-oldrel-macos-x86_64 | 1.10.0 | 536.00 | NOTE | |||
r-oldrel-windows-x86_64 | 1.10.0 | 130.00 | 439.00 | 569.00 | OK |
Version: 1.10.0
Check: installed package size
Result: NOTE
installed size is 5.3Mb
sub-directories of 1Mb or more:
R 2.1Mb
libs 2.3Mb
Flavors: r-release-macos-arm64, r-oldrel-macos-x86_64
Version: 1.9.0
Check: installed package size
Result: NOTE
installed size is 5.2Mb
sub-directories of 1Mb or more:
R 2.1Mb
libs 2.5Mb
Flavor: r-oldrel-macos-arm64