Last updated on 2024-07-27 05:49:37 CEST.
Flavor | Version | Tinstall | Tcheck | Ttotal | Status | Flags |
---|---|---|---|---|---|---|
r-devel-linux-x86_64-debian-clang | 2.2.2 | 34.98 | 238.68 | 273.66 | OK | |
r-devel-linux-x86_64-debian-gcc | 2.2.2 | NOTE | ||||
r-devel-linux-x86_64-fedora-clang | 2.2.2 | 357.09 | NOTE | |||
r-devel-linux-x86_64-fedora-gcc | 2.2.2 | 344.74 | NOTE | |||
r-devel-windows-x86_64 | 2.2.2 | 26.00 | 175.00 | 201.00 | NOTE | |
r-patched-linux-x86_64 | 2.2.2 | OK | ||||
r-release-linux-x86_64 | 2.2.2 | 19.29 | 228.06 | 247.35 | OK | |
r-release-macos-arm64 | 2.2.2 | 104.00 | OK | |||
r-release-macos-x86_64 | 2.2.2 | 277.00 | OK | |||
r-release-windows-x86_64 | 2.2.2 | 24.00 | 176.00 | 200.00 | OK | |
r-oldrel-macos-arm64 | 2.2.2 | 109.00 | OK | |||
r-oldrel-macos-x86_64 | 2.2.2 | 229.00 | OK | |||
r-oldrel-windows-x86_64 | 2.2.2 | 34.00 | 225.00 | 259.00 | OK |
Version: 2.2.2
Check: Rd cross-references
Result: NOTE
Found the following Rd file(s) with Rd \link{} targets missing package
anchors:
write.excel.Rd: openxlsx
Please provide package anchors for all Rd \link{} targets not in the
package itself and the base packages.
Flavors: r-devel-linux-x86_64-debian-gcc, r-devel-windows-x86_64
Version: 2.2.2
Check: data for non-ASCII characters
Result: NOTE
Note: found 50 marked Latin-1 strings
Flavors: r-devel-linux-x86_64-fedora-clang, r-devel-linux-x86_64-fedora-gcc