Last updated on 2025-02-22 06:51:29 CET.
Flavor | Version | Tinstall | Tcheck | Ttotal | Status | Flags |
---|---|---|---|---|---|---|
r-devel-linux-x86_64-debian-clang | 1.0.0.1 | 15.26 | 116.68 | 131.94 | OK | |
r-devel-linux-x86_64-debian-gcc | 1.0.0.1 | 10.43 | 85.22 | 95.65 | OK | |
r-devel-linux-x86_64-fedora-clang | 1.0.0.1 | 217.54 | OK | |||
r-devel-linux-x86_64-fedora-gcc | 1.0.0.1 | 215.45 | OK | |||
r-devel-macos-arm64 | 1.0.0.1 | 72.00 | OK | |||
r-devel-macos-x86_64 | 1.0.0.1 | 138.00 | OK | |||
r-devel-windows-x86_64 | 1.0.0.1 | 16.00 | 137.00 | 153.00 | OK | |
r-patched-linux-x86_64 | 1.0.0.1 | 16.18 | 109.93 | 126.11 | NOTE | |
r-release-linux-x86_64 | 1.0.0.1 | 14.75 | 110.35 | 125.10 | NOTE | |
r-release-macos-arm64 | 1.0.0.1 | 68.00 | NOTE | |||
r-release-macos-x86_64 | 1.0.0.1 | 195.00 | NOTE | |||
r-release-windows-x86_64 | 1.0.0.1 | 17.00 | 137.00 | 154.00 | NOTE | |
r-oldrel-macos-arm64 | 1.0.0.1 | 74.00 | NOTE | |||
r-oldrel-macos-x86_64 | 1.0.0.1 | 142.00 | NOTE | |||
r-oldrel-windows-x86_64 | 1.0.0.1 | 23.00 | 160.00 | 183.00 | NOTE |
Version: 1.0.0.1
Check: installed files from ‘inst/doc’
Result: NOTE
The following files should probably not be installed:
‘econet.tex’
Consider the use of a .Rinstignore file: see ‘Writing R Extensions’,
or move the vignette sources from ‘inst/doc’ to ‘vignettes’.
Flavors: r-patched-linux-x86_64, r-release-linux-x86_64, r-release-macos-arm64, r-release-macos-x86_64, r-release-windows-x86_64, r-oldrel-macos-arm64, r-oldrel-macos-x86_64, r-oldrel-windows-x86_64