Last updated on 2024-07-27 05:49:36 CEST.
Flavor | Version | Tinstall | Tcheck | Ttotal | Status | Flags |
---|---|---|---|---|---|---|
r-devel-linux-x86_64-debian-clang | 1.6.2 | 20.74 | 430.21 | 450.95 | OK | |
r-devel-linux-x86_64-debian-gcc | 1.6.2 | NOTE | ||||
r-devel-linux-x86_64-fedora-clang | 1.6.2 | 545.00 | OK | |||
r-devel-linux-x86_64-fedora-gcc | 1.6.2 | 528.72 | OK | |||
r-devel-windows-x86_64 | 1.6.2 | 23.00 | 293.00 | 316.00 | NOTE | |
r-patched-linux-x86_64 | 1.6.2 | OK | ||||
r-release-linux-x86_64 | 1.6.2 | 15.46 | 392.45 | 407.91 | OK | |
r-release-macos-arm64 | 1.6.2 | 146.00 | OK | |||
r-release-macos-x86_64 | 1.6.2 | 229.00 | OK | |||
r-release-windows-x86_64 | 1.6.2 | 23.00 | 299.00 | 322.00 | OK | |
r-oldrel-macos-arm64 | 1.6.2 | 152.00 | OK | |||
r-oldrel-macos-x86_64 | 1.6.2 | 315.00 | OK | |||
r-oldrel-windows-x86_64 | 1.6.2 | 31.00 | 386.00 | 417.00 | OK |
Version: 1.6.2
Check: Rd cross-references
Result: NOTE
Found the following Rd file(s) with Rd \link{} targets missing package
anchors:
calibrateDepth.Rd: unireg
labDive-internal.Rd: unireg
Please provide package anchors for all Rd \link{} targets not in the
package itself and the base packages.
Flavors: r-devel-linux-x86_64-debian-gcc, r-devel-windows-x86_64