Last updated on 2025-02-22 06:51:29 CET.
Flavor | Version | Tinstall | Tcheck | Ttotal | Status | Flags |
---|---|---|---|---|---|---|
r-devel-linux-x86_64-debian-clang | 0.1.6 | 4.25 | 42.88 | 47.13 | NOTE | |
r-devel-linux-x86_64-debian-gcc | 0.1.6 | 3.35 | 28.85 | 32.20 | ERROR | |
r-devel-linux-x86_64-fedora-clang | 0.1.6 | 74.32 | NOTE | |||
r-devel-linux-x86_64-fedora-gcc | 0.1.6 | 69.68 | NOTE | |||
r-devel-macos-arm64 | 0.1.6 | 32.00 | NOTE | |||
r-devel-macos-x86_64 | 0.1.6 | 55.00 | NOTE | |||
r-devel-windows-x86_64 | 0.1.6 | 5.00 | 75.00 | 80.00 | NOTE | |
r-patched-linux-x86_64 | 0.1.6 | 4.89 | 41.12 | 46.01 | NOTE | |
r-release-linux-x86_64 | 0.1.6 | 4.39 | 39.84 | 44.23 | NOTE | |
r-release-macos-arm64 | 0.1.6 | 31.00 | NOTE | |||
r-release-macos-x86_64 | 0.1.6 | 45.00 | NOTE | |||
r-release-windows-x86_64 | 0.1.6 | 5.00 | 70.00 | 75.00 | NOTE | |
r-oldrel-macos-arm64 | 0.1.6 | 34.00 | OK | |||
r-oldrel-macos-x86_64 | 0.1.6 | 47.00 | OK | |||
r-oldrel-windows-x86_64 | 0.1.6 | 7.00 | 80.00 | 87.00 | OK |
Version: 0.1.6
Check: Rd files
Result: NOTE
checkRd: (-1) store_in_DB.Rd:89: Lost braces
89 | link{read_from_DB} function. Those parameters define rows and columns that will be returned.
| ^
checkRd: (-1) unite_two_DF.Rd:46: Lost braces; missing escapes or markup?
46 | \code{data1.shared.var} and {data2.shared.var} must contain unique values within its own data frame.
| ^
Flavors: r-devel-linux-x86_64-debian-clang, r-devel-linux-x86_64-debian-gcc, r-devel-linux-x86_64-fedora-clang, r-devel-linux-x86_64-fedora-gcc, r-devel-macos-arm64, r-devel-macos-x86_64, r-devel-windows-x86_64, r-patched-linux-x86_64, r-release-linux-x86_64, r-release-macos-arm64, r-release-macos-x86_64, r-release-windows-x86_64
Version: 0.1.6
Check: examples
Result: ERROR
Running examples in ‘disprose-Ex.R’ failed
The error most likely occurred in:
> base::assign(".ptime", proc.time(), pos = "CheckExEnv")
> ### Name: cut_probes
> ### Title: Cut probes
> ### Aliases: cut_probes
>
> ### ** Examples
>
> path <- tempdir()
> dir.create (path)
> # download and save as FASTA "Chlamydia pneumoniae B21 contig00001,
> # whole genome shotgun sequence" (GI = 737435910)
> if (!requireNamespace("rentrez", quietly = TRUE)) {
+ stop("Package \"rentrez\" needed for this function to work. Please install it.", call. = FALSE)}
> reference.string <- rentrez::entrez_fetch(db = "nucleotide", id = 737435910,
+ rettype="fasta")
Error in curl::curl_fetch_memory(url, handle = handle) :
Timeout was reached [eutils.ncbi.nlm.nih.gov]: Resolving timed out after 10000 milliseconds
Calls: <Anonymous> ... request_fetch.write_memory -> <Anonymous> -> raise_libcurl_error
Execution halted
Flavor: r-devel-linux-x86_64-debian-gcc