CRAN Package Check Results for Package disposables

Last updated on 2025-02-22 06:51:29 CET.

Flavor Version Tinstall Tcheck Ttotal Status Flags
r-devel-linux-x86_64-debian-clang 1.0.3 1.56 18.14 19.70 OK
r-devel-linux-x86_64-debian-gcc 1.0.3 1.41 15.13 16.54 OK
r-devel-linux-x86_64-fedora-clang 1.0.3 32.02 OK
r-devel-linux-x86_64-fedora-gcc 1.0.3 30.57 OK
r-devel-macos-arm64 1.0.3 14.00 OK
r-devel-macos-x86_64 1.0.3 22.00 OK
r-devel-windows-x86_64 1.0.3 2.00 43.00 45.00 OK
r-patched-linux-x86_64 1.0.3 1.73 17.61 19.34 NOTE
r-release-linux-x86_64 1.0.3 1.56 17.74 19.30 NOTE
r-release-macos-arm64 1.0.3 14.00 NOTE
r-release-macos-x86_64 1.0.3 21.00 NOTE
r-release-windows-x86_64 1.0.3 3.00 39.00 42.00 NOTE
r-oldrel-macos-arm64 1.0.3 16.00 NOTE
r-oldrel-macos-x86_64 1.0.3 22.00 NOTE
r-oldrel-windows-x86_64 1.0.3 3.00 44.00 47.00 NOTE

Check Details

Version: 1.0.3
Check: LazyData
Result: NOTE 'LazyData' is specified without a 'data' directory Flavors: r-patched-linux-x86_64, r-release-linux-x86_64, r-release-macos-arm64, r-release-macos-x86_64, r-release-windows-x86_64, r-oldrel-macos-arm64, r-oldrel-macos-x86_64, r-oldrel-windows-x86_64