Last updated on 2025-02-22 06:51:29 CET.
Flavor | Version | Tinstall | Tcheck | Ttotal | Status | Flags |
---|---|---|---|---|---|---|
r-devel-linux-x86_64-debian-clang | 1.1.0 | 303.99 | 305.62 | 609.61 | OK | |
r-devel-linux-x86_64-debian-gcc | 1.1.0 | 251.44 | 213.46 | 464.90 | OK | |
r-devel-linux-x86_64-fedora-clang | 1.1.0 | 1104.41 | OK | |||
r-devel-linux-x86_64-fedora-gcc | 1.1.0 | 1320.83 | OK | |||
r-devel-macos-arm64 | 1.1.0 | 198.00 | OK | |||
r-devel-macos-x86_64 | 1.1.0 | 439.00 | OK | |||
r-devel-windows-x86_64 | 1.1.0 | 262.00 | 303.00 | 565.00 | OK | |
r-patched-linux-x86_64 | 1.1.0 | 258.66 | 317.14 | 575.80 | NOTE | |
r-release-linux-x86_64 | 1.1.0 | 260.57 | 316.55 | 577.12 | NOTE | |
r-release-macos-arm64 | 1.1.0 | 155.00 | NOTE | |||
r-release-macos-x86_64 | 1.1.0 | 231.00 | NOTE | |||
r-release-windows-x86_64 | 1.1.0 | 274.00 | 302.00 | 576.00 | NOTE | |
r-oldrel-macos-arm64 | 1.1.0 | 522.00 | NOTE | |||
r-oldrel-macos-x86_64 | 1.1.0 | 611.00 | NOTE | |||
r-oldrel-windows-x86_64 | 1.1.0 | 276.00 | 406.00 | 682.00 | NOTE |
Version: 1.1.0
Check: for GNU extensions in Makefiles
Result: NOTE
GNU make is a SystemRequirements.
Flavors: r-patched-linux-x86_64, r-release-linux-x86_64, r-release-macos-arm64, r-release-macos-x86_64, r-release-windows-x86_64, r-oldrel-macos-arm64, r-oldrel-macos-x86_64, r-oldrel-windows-x86_64
Version: 1.1.0
Check: installed package size
Result: NOTE
installed size is 97.2Mb
sub-directories of 1Mb or more:
libs 96.4Mb
Flavors: r-release-macos-arm64, r-release-macos-x86_64, r-release-windows-x86_64, r-oldrel-macos-arm64, r-oldrel-macos-x86_64, r-oldrel-windows-x86_64