Last updated on 2025-02-22 06:51:28 CET.
Flavor | Version | Tinstall | Tcheck | Ttotal | Status | Flags |
---|---|---|---|---|---|---|
r-devel-linux-x86_64-debian-clang | 0.2.0 | 6.81 | 45.65 | 52.46 | NOTE | |
r-devel-linux-x86_64-debian-gcc | 0.2.0 | 3.93 | 32.70 | 36.63 | NOTE | |
r-devel-linux-x86_64-fedora-clang | 0.2.0 | 82.49 | NOTE | |||
r-devel-linux-x86_64-fedora-gcc | 0.2.0 | 79.77 | NOTE | |||
r-devel-macos-arm64 | 0.2.0 | 28.00 | OK | |||
r-devel-macos-x86_64 | 0.2.0 | 59.00 | NOTE | |||
r-devel-windows-x86_64 | 0.2.0 | 8.00 | 75.00 | 83.00 | NOTE | |
r-patched-linux-x86_64 | 0.2.0 | 6.80 | 42.36 | 49.16 | OK | |
r-release-linux-x86_64 | 0.2.0 | 6.39 | 42.86 | 49.25 | OK | |
r-release-macos-arm64 | 0.2.0 | 26.00 | OK | |||
r-release-macos-x86_64 | 0.2.0 | 42.00 | OK | |||
r-release-windows-x86_64 | 0.2.0 | 8.00 | 67.00 | 75.00 | OK | |
r-oldrel-macos-arm64 | 0.2.0 | 33.00 | OK | |||
r-oldrel-macos-x86_64 | 0.2.0 | 58.00 | OK | |||
r-oldrel-windows-x86_64 | 0.2.0 | 10.00 | 75.00 | 85.00 | OK |
Version: 0.2.0
Check: DESCRIPTION meta-information
Result: NOTE
Missing dependency on R >= 4.1.0 because package code uses the pipe
|> or function shorthand \(...) syntax added in R 4.1.0.
File(s) using such syntax:
‘differentiate.R’ ‘gradient.R’ ‘simplify.R’
Flavors: r-devel-linux-x86_64-debian-clang, r-devel-linux-x86_64-debian-gcc, r-devel-linux-x86_64-fedora-clang, r-devel-linux-x86_64-fedora-gcc, r-devel-macos-x86_64, r-devel-windows-x86_64