Last updated on 2025-02-22 06:51:28 CET.
Flavor | Version | Tinstall | Tcheck | Ttotal | Status | Flags |
---|---|---|---|---|---|---|
r-devel-linux-x86_64-debian-clang | 1.0.1 | 7.91 | 110.93 | 118.84 | NOTE | |
r-devel-linux-x86_64-debian-gcc | 1.0.1 | 5.32 | 70.50 | 75.82 | NOTE | |
r-devel-linux-x86_64-fedora-clang | 1.0.1 | 187.91 | NOTE | |||
r-devel-linux-x86_64-fedora-gcc | 1.0.1 | 176.73 | NOTE | |||
r-devel-macos-arm64 | 1.0.1 | 50.00 | OK | |||
r-devel-macos-x86_64 | 1.0.1 | 127.00 | NOTE | |||
r-devel-windows-x86_64 | 1.0.1 | 10.00 | 129.00 | 139.00 | NOTE | |
r-patched-linux-x86_64 | 1.0.1 | 7.79 | 102.78 | 110.57 | OK | |
r-release-linux-x86_64 | 1.0.1 | 7.57 | 103.33 | 110.90 | OK | |
r-release-macos-arm64 | 1.0.1 | 54.00 | OK | |||
r-release-macos-x86_64 | 1.0.1 | 95.00 | OK | |||
r-release-windows-x86_64 | 1.0.1 | 10.00 | 121.00 | 131.00 | OK | |
r-oldrel-macos-arm64 | 1.0.1 | 53.00 | OK | |||
r-oldrel-macos-x86_64 | 1.0.1 | 96.00 | OK | |||
r-oldrel-windows-x86_64 | 1.0.1 | 13.00 | 149.00 | 162.00 | OK |
Version: 1.0.1
Check: DESCRIPTION meta-information
Result: NOTE
Missing dependency on R >= 4.1.0 because package code uses the pipe
|> or function shorthand \(...) syntax added in R 4.1.0.
File(s) using such syntax:
‘aov.R’ ‘create_subtree.R’ ‘create_tree.R’ ‘monte_carlo.R’ ‘node.R’
‘oat.R’ ‘option.R’ ‘sensitivity_index.R’ ‘synoptique.R’ ‘tree.R’
Flavors: r-devel-linux-x86_64-debian-clang, r-devel-linux-x86_64-debian-gcc, r-devel-linux-x86_64-fedora-clang, r-devel-linux-x86_64-fedora-gcc, r-devel-macos-x86_64, r-devel-windows-x86_64