Last updated on 2025-02-22 06:51:28 CET.
Flavor | Version | Tinstall | Tcheck | Ttotal | Status | Flags |
---|---|---|---|---|---|---|
r-devel-linux-x86_64-debian-clang | 0.1.1 | 2.76 | 52.16 | 54.92 | OK | |
r-devel-linux-x86_64-debian-gcc | 0.1.1 | 2.15 | 37.58 | 39.73 | OK | |
r-devel-linux-x86_64-fedora-clang | 0.1.1 | 89.73 | NOTE | |||
r-devel-linux-x86_64-fedora-gcc | 0.1.1 | 100.92 | NOTE | |||
r-devel-macos-arm64 | 0.1.1 | 38.00 | OK | |||
r-devel-macos-x86_64 | 0.1.1 | 71.00 | OK | |||
r-devel-windows-x86_64 | 0.1.1 | 4.00 | 80.00 | 84.00 | OK | |
r-patched-linux-x86_64 | 0.1.1 | 2.57 | 49.61 | 52.18 | OK | |
r-release-linux-x86_64 | 0.1.1 | 2.34 | 50.18 | 52.52 | OK | |
r-release-macos-arm64 | 0.1.1 | 36.00 | OK | |||
r-release-macos-x86_64 | 0.1.1 | 55.00 | OK | |||
r-release-windows-x86_64 | 0.1.1 | 4.00 | 70.00 | 74.00 | OK | |
r-oldrel-macos-arm64 | 0.1.1 | 38.00 | OK | |||
r-oldrel-macos-x86_64 | 0.1.1 | 57.00 | OK | |||
r-oldrel-windows-x86_64 | 0.1.1 | 5.00 | 77.00 | 82.00 | OK |
Version: 0.1.1
Check: dependencies in R code
Result: NOTE
Namespaces in Imports field not imported from:
‘MASS’ ‘qpdf’
All declared Imports should be used.
Flavors: r-devel-linux-x86_64-fedora-clang, r-devel-linux-x86_64-fedora-gcc