CRAN Package Check Results for Package dartR.sexlinked

Last updated on 2025-02-22 06:51:28 CET.

Flavor Version Tinstall Tcheck Ttotal Status Flags
r-devel-linux-x86_64-debian-clang 1.0.5 0.38 1.74 2.12 ERROR
r-devel-linux-x86_64-debian-gcc 1.0.5 12.83 106.78 119.61 OK
r-devel-linux-x86_64-fedora-clang 1.0.5 292.35 OK
r-devel-linux-x86_64-fedora-gcc 1.0.5 249.10 OK
r-devel-macos-arm64 1.0.5 80.00 OK
r-devel-macos-x86_64 1.0.5 144.00 OK
r-devel-windows-x86_64 1.0.5 17.00 146.00 163.00 OK
r-patched-linux-x86_64 1.0.5 14.60 139.64 154.24 OK
r-release-linux-x86_64 1.0.5 16.05 139.93 155.98 OK
r-release-macos-arm64 1.0.5 65.00 OK
r-release-macos-x86_64 1.0.5 182.00 OK
r-release-windows-x86_64 1.0.5 18.00 142.00 160.00 OK
r-oldrel-macos-arm64 1.0.5 69.00 OK
r-oldrel-macos-x86_64 1.0.5 132.00 OK
r-oldrel-windows-x86_64 1.0.5 24.00 188.00 212.00 OK

Check Details

Version: 1.0.5
Check: package dependencies
Result: ERROR Package required but not available: ‘dartR.base’ See section ‘The DESCRIPTION file’ in the ‘Writing R Extensions’ manual. Flavor: r-devel-linux-x86_64-debian-clang