Last updated on 2025-02-22 06:51:28 CET.
Flavor | Version | Tinstall | Tcheck | Ttotal | Status | Flags |
---|---|---|---|---|---|---|
r-devel-linux-x86_64-debian-clang | 1.0.1 | 6.73 | 59.14 | 65.87 | NOTE | |
r-devel-linux-x86_64-debian-gcc | 1.0.1 | 5.41 | 43.08 | 48.49 | NOTE | |
r-devel-linux-x86_64-fedora-clang | 1.0.1 | 109.19 | NOTE | |||
r-devel-linux-x86_64-fedora-gcc | 1.0.1 | 111.03 | NOTE | |||
r-devel-macos-arm64 | 1.0.1 | 46.00 | OK | |||
r-devel-macos-x86_64 | 1.0.1 | 78.00 | NOTE | |||
r-devel-windows-x86_64 | 1.0.1 | 8.00 | 84.00 | 92.00 | NOTE | |
r-patched-linux-x86_64 | 1.0.1 | 6.83 | 55.18 | 62.01 | OK | |
r-release-linux-x86_64 | 1.0.1 | 5.86 | 55.03 | 60.89 | OK | |
r-release-macos-arm64 | 1.0.1 | 41.00 | OK | |||
r-release-macos-x86_64 | 1.0.1 | 120.00 | OK | |||
r-release-windows-x86_64 | 1.0.1 | 8.00 | 78.00 | 86.00 | OK | |
r-oldrel-macos-arm64 | 1.0.1 | 44.00 | OK | |||
r-oldrel-macos-x86_64 | 1.0.1 | 81.00 | OK | |||
r-oldrel-windows-x86_64 | 1.0.1 | 12.00 | 90.00 | 102.00 | OK |
Version: 1.0.1
Check: DESCRIPTION meta-information
Result: NOTE
Missing dependency on R >= 4.1.0 because package code uses the pipe
|> or function shorthand \(...) syntax added in R 4.1.0.
File(s) using such syntax:
‘clean_land_points.R’ ‘join_mpa_data.R’ ‘join_ports_locations.R’
‘model_vms.R’ ‘vms_clean.R’
Flavors: r-devel-linux-x86_64-debian-clang, r-devel-linux-x86_64-debian-gcc, r-devel-linux-x86_64-fedora-clang, r-devel-linux-x86_64-fedora-gcc, r-devel-macos-x86_64, r-devel-windows-x86_64