Last updated on 2025-02-22 06:51:28 CET.
Flavor | Version | Tinstall | Tcheck | Ttotal | Status | Flags |
---|---|---|---|---|---|---|
r-devel-linux-x86_64-debian-clang | 2.1 | 11.50 | 80.92 | 92.42 | NOTE | |
r-devel-linux-x86_64-debian-gcc | 2.1 | 6.93 | 59.08 | 66.01 | NOTE | |
r-devel-linux-x86_64-fedora-clang | 2.1 | 147.20 | OK | |||
r-devel-linux-x86_64-fedora-gcc | 2.1 | 135.94 | OK | |||
r-devel-macos-arm64 | 2.1 | 43.00 | OK | |||
r-devel-macos-x86_64 | 2.1 | 85.00 | OK | |||
r-devel-windows-x86_64 | 2.1 | 11.00 | 94.00 | 105.00 | NOTE | |
r-patched-linux-x86_64 | 2.1 | 13.40 | 75.39 | 88.79 | OK | |
r-release-linux-x86_64 | 2.1 | 10.16 | 75.08 | 85.24 | OK | |
r-release-macos-arm64 | 2.1 | 40.00 | OK | |||
r-release-macos-x86_64 | 2.1 | 62.00 | OK | |||
r-release-windows-x86_64 | 2.1 | 11.00 | 93.00 | 104.00 | OK | |
r-oldrel-macos-arm64 | 2.1 | 51.00 | OK | |||
r-oldrel-macos-x86_64 | 2.1 | 112.00 | OK | |||
r-oldrel-windows-x86_64 | 2.1 | 16.00 | 106.00 | 122.00 | OK |
Version: 2.1
Check: Rd cross-references
Result: NOTE
Found the following Rd file(s) with Rd \link{} targets missing package
anchors:
ctqr-package.Rd: pchreg
ctqr.Rd: Surv, pchreg
Please provide package anchors for all Rd \link{} targets not in the
package itself and the base packages.
Flavors: r-devel-linux-x86_64-debian-clang, r-devel-linux-x86_64-debian-gcc, r-devel-windows-x86_64