Last updated on 2025-02-22 06:51:28 CET.
Flavor | Version | Tinstall | Tcheck | Ttotal | Status | Flags |
---|---|---|---|---|---|---|
r-devel-linux-x86_64-debian-clang | 0.2.0 | 15.05 | 173.33 | 188.38 | OK | |
r-devel-linux-x86_64-debian-gcc | 0.2.0 | 11.33 | 123.02 | 134.35 | OK | |
r-devel-linux-x86_64-fedora-clang | 0.2.0 | 289.63 | NOTE | |||
r-devel-linux-x86_64-fedora-gcc | 0.2.0 | 303.95 | NOTE | |||
r-devel-macos-arm64 | 0.2.0 | 88.00 | OK | |||
r-devel-macos-x86_64 | 0.2.0 | 208.00 | OK | |||
r-devel-windows-x86_64 | 0.2.0 | 16.00 | 177.00 | 193.00 | OK | |
r-patched-linux-x86_64 | 0.2.0 | 12.86 | 161.65 | 174.51 | OK | |
r-release-linux-x86_64 | 0.2.0 | 12.96 | 163.79 | 176.75 | OK | |
r-release-macos-arm64 | 0.2.0 | 88.00 | OK | |||
r-release-macos-x86_64 | 0.2.0 | 172.00 | OK | |||
r-release-windows-x86_64 | 0.2.0 | 16.00 | 174.00 | 190.00 | OK | |
r-oldrel-macos-arm64 | 0.2.0 | 84.00 | OK | |||
r-oldrel-macos-x86_64 | 0.2.0 | 143.00 | OK | |||
r-oldrel-windows-x86_64 | 0.2.0 | 21.00 | 223.00 | 244.00 | OK |
Version: 0.2.0
Check: dependencies in R code
Result: NOTE
Namespace in Imports field not imported from: ‘utils’
All declared Imports should be used.
Flavors: r-devel-linux-x86_64-fedora-clang, r-devel-linux-x86_64-fedora-gcc