CRAN Package Check Results for Package complmrob

Last updated on 2025-02-22 06:51:27 CET.

Flavor Version Tinstall Tcheck Ttotal Status Flags
r-devel-linux-x86_64-debian-clang 0.7.0 5.43 53.33 58.76 NOTE
r-devel-linux-x86_64-debian-gcc 0.7.0 4.04 36.54 40.58 NOTE
r-devel-linux-x86_64-fedora-clang 0.7.0 91.62 OK
r-devel-linux-x86_64-fedora-gcc 0.7.0 87.40 OK
r-devel-macos-arm64 0.7.0 29.00 OK
r-devel-macos-x86_64 0.7.0 55.00 OK
r-devel-windows-x86_64 0.7.0 8.00 72.00 80.00 NOTE
r-patched-linux-x86_64 0.7.0 5.17 49.10 54.27 OK
r-release-linux-x86_64 0.7.0 5.27 49.70 54.97 OK
r-release-macos-arm64 0.7.0 28.00 OK
r-release-macos-x86_64 0.7.0 44.00 OK
r-release-windows-x86_64 0.7.0 7.00 67.00 74.00 OK
r-oldrel-macos-arm64 0.7.0 29.00 OK
r-oldrel-macos-x86_64 0.7.0 45.00 OK
r-oldrel-windows-x86_64 0.7.0 9.00 80.00 89.00 OK

Check Details

Version: 0.7.0
Check: Rd cross-references
Result: NOTE Found the following Rd file(s) with Rd \link{} targets missing package anchors: confint.Rd: boot.ci Please provide package anchors for all Rd \link{} targets not in the package itself and the base packages. Flavors: r-devel-linux-x86_64-debian-clang, r-devel-linux-x86_64-debian-gcc, r-devel-windows-x86_64