Last updated on 2025-02-22 06:51:27 CET.
Flavor | Version | Tinstall | Tcheck | Ttotal | Status | Flags |
---|---|---|---|---|---|---|
r-devel-linux-x86_64-debian-clang | 0.1.4 | 27.65 | 43.17 | 70.82 | OK | |
r-devel-linux-x86_64-debian-gcc | 0.1.4 | 22.51 | 31.62 | 54.13 | OK | |
r-devel-linux-x86_64-fedora-clang | 0.1.4 | 125.54 | NOTE | |||
r-devel-linux-x86_64-fedora-gcc | 0.1.4 | 140.62 | NOTE | |||
r-devel-macos-arm64 | 0.1.4 | 41.00 | OK | |||
r-devel-macos-x86_64 | 0.1.4 | 65.00 | OK | |||
r-devel-windows-x86_64 | 0.1.4 | 30.00 | 87.00 | 117.00 | OK | |
r-patched-linux-x86_64 | 0.1.4 | 26.85 | 41.23 | 68.08 | OK | |
r-release-linux-x86_64 | 0.1.4 | 26.79 | 41.17 | 67.96 | OK | |
r-release-macos-arm64 | 0.1.4 | 43.00 | OK | |||
r-release-macos-x86_64 | 0.1.4 | 97.00 | OK | |||
r-release-windows-x86_64 | 0.1.4 | 32.00 | 87.00 | 119.00 | OK | |
r-oldrel-macos-arm64 | 0.1.4 | 41.00 | OK | |||
r-oldrel-macos-x86_64 | 0.1.4 | 119.00 | OK | |||
r-oldrel-windows-x86_64 | 0.1.4 | 39.00 | 101.00 | 140.00 | OK |
Version: 0.1.4
Check: dependencies in R code
Result: NOTE
Namespaces in Imports field not imported from:
‘fields’ ‘knitr’
All declared Imports should be used.
Flavors: r-devel-linux-x86_64-fedora-clang, r-devel-linux-x86_64-fedora-gcc