Last updated on 2025-02-22 06:51:27 CET.
Flavor | Version | Tinstall | Tcheck | Ttotal | Status | Flags |
---|---|---|---|---|---|---|
r-devel-linux-x86_64-debian-clang | 0.4.0 | 52.73 | 138.62 | 191.35 | OK | |
r-devel-linux-x86_64-debian-gcc | 0.4.0 | 41.04 | 96.91 | 137.95 | OK | |
r-devel-linux-x86_64-fedora-clang | 0.4.0 | 347.38 | OK | |||
r-devel-linux-x86_64-fedora-gcc | 0.4.0 | 350.98 | OK | |||
r-devel-macos-arm64 | 0.4.0 | 101.00 | OK | |||
r-devel-macos-x86_64 | 0.4.0 | 179.00 | OK | |||
r-devel-windows-x86_64 | 0.4.0 | 65.00 | 221.00 | 286.00 | OK | |
r-patched-linux-x86_64 | 0.4.0 | 53.15 | 128.88 | 182.03 | OK | |
r-release-linux-x86_64 | 0.4.0 | 56.51 | 130.62 | 187.13 | OK | |
r-release-macos-arm64 | 0.4.0 | 102.00 | NOTE | |||
r-release-macos-x86_64 | 0.4.0 | 130.00 | NOTE | |||
r-release-windows-x86_64 | 0.4.0 | 66.00 | 219.00 | 285.00 | OK | |
r-oldrel-macos-arm64 | 0.4.0 | 103.00 | NOTE | |||
r-oldrel-macos-x86_64 | 0.4.0 | 225.00 | NOTE | |||
r-oldrel-windows-x86_64 | 0.4.0 | 76.00 | 256.00 | 332.00 | OK |
Version: 0.4.0
Check: installed package size
Result: NOTE
installed size is 10.1Mb
sub-directories of 1Mb or more:
libs 9.2Mb
Flavors: r-release-macos-arm64, r-release-macos-x86_64, r-oldrel-macos-arm64, r-oldrel-macos-x86_64