CRAN Package Check Results for Package camsRad

Last updated on 2025-02-22 06:51:26 CET.

Flavor Version Tinstall Tcheck Ttotal Status Flags
r-devel-linux-x86_64-debian-clang 0.3.0 1.73 22.15 23.88 OK
r-devel-linux-x86_64-debian-gcc 0.3.0 1.38 18.46 19.84 OK
r-devel-linux-x86_64-fedora-clang 0.3.0 38.61 OK
r-devel-linux-x86_64-fedora-gcc 0.3.0 50.77 OK
r-devel-macos-arm64 0.3.0 28.00 OK
r-devel-macos-x86_64 0.3.0 51.00 OK
r-devel-windows-x86_64 0.3.0 3.00 52.00 55.00 OK
r-patched-linux-x86_64 0.3.0 1.77 20.98 22.75 NOTE
r-release-linux-x86_64 0.3.0 1.74 21.20 22.94 NOTE
r-release-macos-arm64 0.3.0 22.00 NOTE
r-release-macos-x86_64 0.3.0 47.00 NOTE
r-release-windows-x86_64 0.3.0 3.00 44.00 47.00 NOTE
r-oldrel-macos-arm64 0.3.0 23.00 NOTE
r-oldrel-macos-x86_64 0.3.0 32.00 NOTE
r-oldrel-windows-x86_64 0.3.0 4.00 46.00 50.00 NOTE

Check Details

Version: 0.3.0
Check: LazyData
Result: NOTE 'LazyData' is specified without a 'data' directory Flavors: r-patched-linux-x86_64, r-release-linux-x86_64, r-release-macos-arm64, r-release-macos-x86_64, r-release-windows-x86_64, r-oldrel-macos-arm64, r-oldrel-macos-x86_64, r-oldrel-windows-x86_64