Last updated on 2025-02-22 06:51:26 CET.
Flavor | Version | Tinstall | Tcheck | Ttotal | Status | Flags |
---|---|---|---|---|---|---|
r-devel-linux-x86_64-debian-clang | 1.3.2 | 2.78 | 43.07 | 45.85 | NOTE | |
r-devel-linux-x86_64-debian-gcc | 1.3.2 | 2.14 | 33.98 | 36.12 | NOTE | |
r-devel-linux-x86_64-fedora-clang | 1.3.2 | 75.02 | NOTE | |||
r-devel-linux-x86_64-fedora-gcc | 1.3.2 | 84.15 | NOTE | |||
r-devel-macos-arm64 | 1.3.2 | 31.00 | NOTE | |||
r-devel-macos-x86_64 | 1.3.2 | 64.00 | NOTE | |||
r-devel-windows-x86_64 | 1.3.2 | 5.00 | 76.00 | 81.00 | NOTE | |
r-patched-linux-x86_64 | 1.3.2 | 2.36 | 41.38 | 43.74 | NOTE | |
r-release-linux-x86_64 | 1.3.2 | 2.67 | 41.43 | 44.10 | NOTE | |
r-release-macos-arm64 | 1.3.2 | 34.00 | NOTE | |||
r-release-macos-x86_64 | 1.3.2 | 53.00 | NOTE | |||
r-release-windows-x86_64 | 1.3.2 | 4.00 | 74.00 | 78.00 | NOTE | |
r-oldrel-macos-arm64 | 1.3.2 | 36.00 | OK | |||
r-oldrel-macos-x86_64 | 1.3.2 | 44.00 | OK | |||
r-oldrel-windows-x86_64 | 1.3.2 | 7.00 | 75.00 | 82.00 | OK |
Version: 1.3.2
Check: Rd files
Result: NOTE
checkRd: (-1) Extractor.Rd:13: Lost braces in \itemize; meant \describe ?
checkRd: (-1) Extractor.Rd:14: Lost braces in \itemize; meant \describe ?
checkRd: (-1) Extractor.Rd:15: Lost braces in \itemize; meant \describe ?
checkRd: (-1) Extractor.Rd:16: Lost braces in \itemize; meant \describe ?
checkRd: (-1) Extractor.Rd:17: Lost braces in \itemize; meant \describe ?
checkRd: (-1) Extractor.Rd:18: Lost braces in \itemize; meant \describe ?
checkRd: (-1) Extractor.Rd:19: Lost braces in \itemize; meant \describe ?
Flavors: r-devel-linux-x86_64-debian-clang, r-devel-linux-x86_64-debian-gcc, r-devel-linux-x86_64-fedora-clang, r-devel-linux-x86_64-fedora-gcc, r-devel-macos-arm64, r-devel-macos-x86_64, r-devel-windows-x86_64, r-patched-linux-x86_64, r-release-linux-x86_64, r-release-macos-arm64, r-release-macos-x86_64, r-release-windows-x86_64