Last updated on 2025-02-22 06:51:25 CET.
Flavor | Version | Tinstall | Tcheck | Ttotal | Status | Flags |
---|---|---|---|---|---|---|
r-devel-linux-x86_64-debian-clang | 1.3.3 | 5.06 | 2.22 | 7.28 | ERROR | |
r-devel-linux-x86_64-debian-gcc | 1.3.3 | 543.36 | 299.13 | 842.49 | OK | |
r-devel-linux-x86_64-fedora-clang | 1.3.3 | 10.73 | ERROR | |||
r-devel-linux-x86_64-fedora-gcc | 1.3.3 | 1893.97 | NOTE | |||
r-devel-macos-arm64 | 1.3.3 | 419.00 | OK | |||
r-devel-macos-x86_64 | 1.3.3 | 1009.00 | OK | |||
r-devel-windows-x86_64 | 1.3.3 | 543.00 | 406.00 | 949.00 | OK | |
r-patched-linux-x86_64 | 1.3.3 | 668.06 | 402.59 | 1070.65 | NOTE | |
r-release-linux-x86_64 | 1.3.3 | 689.59 | 401.14 | 1090.73 | NOTE | |
r-release-macos-arm64 | 1.3.3 | 218.00 | NOTE | |||
r-release-macos-x86_64 | 1.3.3 | 297.00 | NOTE | |||
r-release-windows-x86_64 | 1.3.3 | 557.00 | 408.00 | 965.00 | NOTE | |
r-oldrel-macos-arm64 | 1.3.3 | 402.00 | NOTE | |||
r-oldrel-macos-x86_64 | 1.3.3 | 694.00 | NOTE | |||
r-oldrel-windows-x86_64 | 1.3.3 | 765.00 | 528.00 | 1293.00 | NOTE |
Version: 1.3.3
Check: whether package can be installed
Result: ERROR
Installation failed.
Flavors: r-devel-linux-x86_64-debian-clang, r-devel-linux-x86_64-fedora-clang
Version: 1.3.3
Check: dependencies in R code
Result: NOTE
Namespace in Imports field not imported from: ‘rstantools’
All declared Imports should be used.
Flavor: r-devel-linux-x86_64-fedora-gcc
Version: 1.3.3
Check: for GNU extensions in Makefiles
Result: NOTE
GNU make is a SystemRequirements.
Flavors: r-patched-linux-x86_64, r-release-linux-x86_64, r-release-macos-arm64, r-release-macos-x86_64, r-release-windows-x86_64, r-oldrel-macos-arm64, r-oldrel-macos-x86_64, r-oldrel-windows-x86_64
Version: 1.3.3
Check: installed package size
Result: NOTE
installed size is 147.5Mb
sub-directories of 1Mb or more:
doc 1.0Mb
libs 146.0Mb
Flavors: r-release-macos-arm64, r-release-macos-x86_64, r-release-windows-x86_64, r-oldrel-macos-arm64, r-oldrel-macos-x86_64, r-oldrel-windows-x86_64