Last updated on 2025-02-22 06:51:25 CET.
Flavor | Version | Tinstall | Tcheck | Ttotal | Status | Flags |
---|---|---|---|---|---|---|
r-devel-linux-x86_64-debian-clang | 3.3.0 | 8.26 | 58.13 | 66.39 | NOTE | |
r-devel-linux-x86_64-debian-gcc | 3.3.0 | 5.85 | 38.96 | 44.81 | NOTE | |
r-devel-linux-x86_64-fedora-clang | 3.3.0 | 106.25 | NOTE | |||
r-devel-linux-x86_64-fedora-gcc | 3.3.0 | 102.90 | NOTE | |||
r-devel-macos-arm64 | 3.3.0 | 33.00 | OK | |||
r-devel-macos-x86_64 | 3.3.0 | 71.00 | NOTE | |||
r-devel-windows-x86_64 | 3.3.0 | 12.00 | 74.00 | 86.00 | NOTE | |
r-patched-linux-x86_64 | 3.3.0 | 7.87 | 53.69 | 61.56 | OK | |
r-release-linux-x86_64 | 3.3.0 | 6.80 | 54.06 | 60.86 | OK | |
r-release-macos-arm64 | 3.3.0 | 34.00 | OK | |||
r-release-macos-x86_64 | 3.3.0 | 80.00 | OK | |||
r-release-windows-x86_64 | 3.3.0 | 13.00 | 72.00 | 85.00 | OK | |
r-oldrel-macos-arm64 | 3.3.0 | 45.00 | OK | |||
r-oldrel-macos-x86_64 | 3.3.0 | 78.00 | OK | |||
r-oldrel-windows-x86_64 | 3.3.0 | 14.00 | 86.00 | 100.00 | OK |
Version: 3.3.0
Check: DESCRIPTION meta-information
Result: NOTE
Missing dependency on R >= 4.1.0 because package code uses the pipe
|> or function shorthand \(...) syntax added in R 4.1.0.
File(s) using such syntax:
‘sample_ARMA_coef.R’
Flavors: r-devel-linux-x86_64-debian-clang, r-devel-linux-x86_64-debian-gcc, r-devel-linux-x86_64-fedora-clang, r-devel-linux-x86_64-fedora-gcc, r-devel-macos-x86_64, r-devel-windows-x86_64