Last updated on 2025-02-22 06:51:24 CET.
Flavor | Version | Tinstall | Tcheck | Ttotal | Status | Flags |
---|---|---|---|---|---|---|
r-devel-linux-x86_64-debian-clang | 1.2.3 | 37.73 | 358.28 | 396.01 | NOTE | |
r-devel-linux-x86_64-debian-gcc | 1.2.3 | 24.69 | 226.48 | 251.17 | NOTE | |
r-devel-linux-x86_64-fedora-clang | 1.2.3 | 632.43 | NOTE | |||
r-devel-linux-x86_64-fedora-gcc | 1.2.3 | 623.36 | NOTE | |||
r-devel-macos-arm64 | 1.2.3 | 146.00 | OK | |||
r-devel-macos-x86_64 | 1.2.3 | 310.00 | OK | |||
r-devel-windows-x86_64 | 1.2.3 | 36.00 | 316.00 | 352.00 | NOTE | |
r-patched-linux-x86_64 | 1.2.3 | 37.91 | 331.89 | 369.80 | OK | |
r-release-linux-x86_64 | 1.2.3 | 36.83 | 327.08 | 363.91 | OK | |
r-release-macos-arm64 | 1.2.3 | 131.00 | OK | |||
r-release-macos-x86_64 | 1.2.3 | 327.00 | OK | |||
r-release-windows-x86_64 | 1.2.3 | 39.00 | 310.00 | 349.00 | OK | |
r-oldrel-macos-arm64 | 1.2.2 | 167.00 | OK | |||
r-oldrel-macos-x86_64 | 1.2.3 | 311.00 | OK | |||
r-oldrel-windows-x86_64 | 1.2.3 | 54.00 | 423.00 | 477.00 | OK |
Version: 1.2.3
Check: DESCRIPTION meta-information
Result: NOTE
Missing dependency on R >= 4.2.0 because package code uses the pipe
placeholder syntax added in R 4.2.0.
File(s) using such syntax:
‘calculate_covariates.R’
Flavors: r-devel-linux-x86_64-debian-clang, r-devel-linux-x86_64-debian-gcc, r-devel-linux-x86_64-fedora-clang, r-devel-linux-x86_64-fedora-gcc, r-devel-windows-x86_64