Last updated on 2025-02-22 06:51:24 CET.
Flavor | Version | Tinstall | Tcheck | Ttotal | Status | Flags |
---|---|---|---|---|---|---|
r-devel-linux-x86_64-debian-clang | 1.15.1 | 9.07 | 62.41 | 71.48 | OK | |
r-devel-linux-x86_64-debian-gcc | 1.15.1 | 7.10 | 47.08 | 54.18 | OK | |
r-devel-linux-x86_64-fedora-clang | 1.15.1 | 111.75 | NOTE | |||
r-devel-linux-x86_64-fedora-gcc | 1.15.1 | 117.14 | NOTE | |||
r-devel-macos-arm64 | 1.15.1 | 35.00 | OK | |||
r-devel-macos-x86_64 | 1.15.1 | 105.00 | OK | |||
r-devel-windows-x86_64 | 1.15.1 | 10.00 | 83.00 | 93.00 | OK | |
r-patched-linux-x86_64 | 1.15.1 | 9.40 | 60.30 | 69.70 | OK | |
r-release-linux-x86_64 | 1.15.1 | 7.08 | 59.22 | 66.30 | OK | |
r-release-macos-arm64 | 1.15.1 | 37.00 | OK | |||
r-release-macos-x86_64 | 1.15.1 | 64.00 | OK | |||
r-release-windows-x86_64 | 1.15.1 | 12.00 | 82.00 | 94.00 | OK | |
r-oldrel-macos-arm64 | 1.15.1 | 55.00 | OK | |||
r-oldrel-macos-x86_64 | 1.15.1 | 100.00 | OK | |||
r-oldrel-windows-x86_64 | 1.15.1 | 10.00 | 94.00 | 104.00 | OK |
Version: 1.15.1
Check: compiled code
Result: NOTE
File ‘ahaz/libs/ahaz.so’:
Found no calls to: ‘R_registerRoutines’, ‘R_useDynamicSymbols’
It is good practice to register native routines and to disable symbol
search.
See ‘Writing portable packages’ in the ‘Writing R Extensions’ manual.
Flavors: r-devel-linux-x86_64-fedora-clang, r-devel-linux-x86_64-fedora-gcc