Last updated on 2025-02-22 06:51:50 CET.
Flavor | Version | Tinstall | Tcheck | Ttotal | Status | Flags |
---|---|---|---|---|---|---|
r-devel-linux-x86_64-debian-clang | 2.3.3 | 7.53 | 52.85 | 60.38 | NOTE | |
r-devel-linux-x86_64-debian-gcc | 2.3.3 | 4.36 | 37.80 | 42.16 | NOTE | |
r-devel-linux-x86_64-fedora-clang | 2.3.3 | 89.70 | NOTE | |||
r-devel-linux-x86_64-fedora-gcc | 2.3.3 | 86.28 | NOTE | |||
r-devel-macos-arm64 | 2.3.3 | 61.00 | NOTE | |||
r-devel-macos-x86_64 | 2.3.3 | 79.00 | NOTE | |||
r-devel-windows-x86_64 | 2.3.3 | 8.00 | 87.00 | 95.00 | NOTE | |
r-patched-linux-x86_64 | 2.3.3 | 6.92 | 48.06 | 54.98 | NOTE | |
r-release-linux-x86_64 | 2.3.3 | 6.41 | 48.07 | 54.48 | NOTE | |
r-release-macos-arm64 | 2.3.3 | 53.00 | NOTE | |||
r-release-macos-x86_64 | 2.3.3 | 69.00 | NOTE | |||
r-release-windows-x86_64 | 2.3.3 | 8.00 | 85.00 | 93.00 | NOTE | |
r-oldrel-macos-arm64 | 2.3.3 | 56.00 | OK | |||
r-oldrel-macos-x86_64 | 2.3.3 | 65.00 | OK | |||
r-oldrel-windows-x86_64 | 2.3.3 | 10.00 | 98.00 | 108.00 | OK |
Version: 2.3.3
Check: Rd files
Result: NOTE
checkRd: (-1) get_geo_box.Rd:37-38: Lost braces in \itemize; \value handles \item{}{} directly
checkRd: (-1) get_geo_box.Rd:39-40: Lost braces in \itemize; \value handles \item{}{} directly
checkRd: (-1) get_geo_box.Rd:41: Lost braces in \itemize; \value handles \item{}{} directly
checkRd: (-1) get_geo_box.Rd:42: Lost braces in \itemize; \value handles \item{}{} directly
checkRd: (-1) get_geo_box.Rd:43-44: Lost braces in \itemize; \value handles \item{}{} directly
checkRd: (-1) get_geo_entity.Rd:27-28: Lost braces in \itemize; \value handles \item{}{} directly
checkRd: (-1) get_geo_entity.Rd:29-30: Lost braces in \itemize; \value handles \item{}{} directly
checkRd: (-1) get_geo_entity.Rd:31: Lost braces in \itemize; \value handles \item{}{} directly
checkRd: (-1) get_geo_entity.Rd:32: Lost braces in \itemize; \value handles \item{}{} directly
checkRd: (-1) get_geo_entity.Rd:33-34: Lost braces in \itemize; \value handles \item{}{} directly
Flavors: r-devel-linux-x86_64-debian-clang, r-devel-linux-x86_64-debian-gcc, r-devel-linux-x86_64-fedora-clang, r-devel-linux-x86_64-fedora-gcc, r-devel-macos-arm64, r-devel-macos-x86_64, r-devel-windows-x86_64, r-patched-linux-x86_64, r-release-linux-x86_64, r-release-macos-arm64, r-release-macos-x86_64, r-release-windows-x86_64